Last updated on 2024-03-28 01:53:55 CET.
Flavor | Version | Tinstall | Tcheck | Ttotal | Status | Flags |
---|---|---|---|---|---|---|
r-devel-linux-x86_64-debian-clang | 1.1 | 24.81 | 137.75 | 162.56 | NOTE | |
r-devel-linux-x86_64-debian-gcc | 1.1 | 21.34 | 102.14 | 123.48 | NOTE | |
r-devel-linux-x86_64-fedora-clang | 1.1 | 206.74 | NOTE | |||
r-devel-linux-x86_64-fedora-gcc | 1.1 | 197.08 | NOTE | |||
r-devel-windows-x86_64 | 1.1 | 16.00 | 113.00 | 129.00 | NOTE | |
r-patched-linux-x86_64 | 1.1 | 26.15 | 131.76 | 157.91 | NOTE | |
r-release-linux-x86_64 | 1.1 | 26.70 | 133.94 | 160.64 | NOTE | |
r-release-macos-arm64 | 1.1 | 40.00 | NOTE | |||
r-release-macos-x86_64 | 1.1 | 70.00 | NOTE | |||
r-release-windows-x86_64 | 1.1 | 20.00 | 130.00 | 150.00 | NOTE | |
r-oldrel-macos-arm64 | 1.1 | 41.00 | NOTE | |||
r-oldrel-windows-x86_64 | 1.1 | 22.00 | 133.00 | 155.00 | NOTE |
Version: 1.1
Check: LazyData
Result: NOTE
'LazyData' is specified without a 'data' directory
Flavors: r-devel-linux-x86_64-debian-clang, r-devel-linux-x86_64-debian-gcc, r-devel-linux-x86_64-fedora-clang, r-devel-linux-x86_64-fedora-gcc, r-devel-windows-x86_64, r-patched-linux-x86_64, r-release-linux-x86_64, r-release-macos-arm64, r-release-macos-x86_64, r-release-windows-x86_64, r-oldrel-macos-arm64, r-oldrel-windows-x86_64