Last updated on 2025-04-30 01:50:16 CEST.
Flavor | Version | Tinstall | Tcheck | Ttotal | Status | Flags |
---|---|---|---|---|---|---|
r-devel-linux-x86_64-debian-clang | 0.1.5 | 17.10 | 218.29 | 235.39 | NOTE | |
r-devel-linux-x86_64-debian-gcc | 0.1.5 | 9.66 | 129.34 | 139.00 | NOTE | |
r-devel-linux-x86_64-fedora-clang | 0.1.5 | 405.89 | OK | |||
r-devel-linux-x86_64-fedora-gcc | 0.1.5 | 349.66 | OK | |||
r-devel-windows-x86_64 | 0.1.5 | 15.00 | 188.00 | 203.00 | OK | |
r-patched-linux-x86_64 | 0.1.5 | 14.74 | 201.82 | 216.56 | OK | |
r-release-linux-x86_64 | 0.1.5 | 12.38 | 200.39 | 212.77 | OK | |
r-release-macos-arm64 | 0.1.5 | 77.00 | OK | |||
r-release-macos-x86_64 | 0.1.5 | 222.00 | OK | |||
r-release-windows-x86_64 | 0.1.5 | 15.00 | 188.00 | 203.00 | OK | |
r-oldrel-macos-arm64 | 0.1.5 | 83.00 | OK | |||
r-oldrel-macos-x86_64 | 0.1.5 | 173.00 | OK | |||
r-oldrel-windows-x86_64 | 0.1.5 | 20.00 | 260.00 | 280.00 | OK |
Version: 0.1.5
Check: examples
Result: NOTE
Examples with CPU (user + system) or elapsed time > 5s
user system elapsed
dfr_adap_sgl.cv 13.432 0.233 17.695
dfr_sgl.cv 12.958 0.031 15.365
Flavor: r-devel-linux-x86_64-debian-clang
Version: 0.1.5
Check: examples
Result: NOTE
Examples with CPU (user + system) or elapsed time > 5s
user system elapsed
dfr_adap_sgl.cv 7.183 0.101 9.302
dfr_sgl.cv 5.873 0.100 8.060
Flavor: r-devel-linux-x86_64-debian-gcc