Last updated on 2025-04-30 01:50:16 CEST.
Flavor | Version | Tinstall | Tcheck | Ttotal | Status | Flags |
---|---|---|---|---|---|---|
r-devel-linux-x86_64-debian-clang | 0.1.5 | 14.97 | 132.25 | 147.22 | NOTE | |
r-devel-linux-x86_64-debian-gcc | 0.1.5 | 9.57 | 87.80 | 97.37 | OK | |
r-devel-linux-x86_64-fedora-clang | 0.1.5 | 214.21 | OK | |||
r-devel-linux-x86_64-fedora-gcc | 0.1.5 | 203.33 | OK | |||
r-devel-windows-x86_64 | 0.1.5 | 14.00 | 131.00 | 145.00 | OK | |
r-patched-linux-x86_64 | 0.1.5 | 12.64 | 123.79 | 136.43 | OK | |
r-release-linux-x86_64 | 0.1.5 | 13.21 | 124.99 | 138.20 | OK | |
r-release-macos-arm64 | 0.1.5 | 59.00 | OK | |||
r-release-macos-x86_64 | 0.1.5 | 115.00 | OK | |||
r-release-windows-x86_64 | 0.1.5 | 14.00 | 131.00 | 145.00 | OK | |
r-oldrel-macos-arm64 | 0.1.5 | 52.00 | OK | |||
r-oldrel-macos-x86_64 | 0.1.5 | 81.00 | OK | |||
r-oldrel-windows-x86_64 | 0.1.5 | 19.00 | 169.00 | 188.00 | OK |
Version: 0.1.5
Check: examples
Result: NOTE
Examples with CPU (user + system) or elapsed time > 5s
user system elapsed
dfrr 6.127 0.087 7.696
Flavor: r-devel-linux-x86_64-debian-clang