CRAN Package Check Results for Package dglm

Last updated on 2025-05-05 01:50:45 CEST.

Flavor Version Tinstall Tcheck Ttotal Status Flags
r-devel-linux-x86_64-debian-clang 1.8.6 2.35 21.92 24.27 NOTE
r-devel-linux-x86_64-debian-gcc 1.8.6 1.95 16.64 18.59 NOTE
r-devel-linux-x86_64-fedora-clang 1.8.6 37.59 OK
r-devel-linux-x86_64-fedora-gcc 1.8.6 35.19 OK
r-devel-windows-x86_64 1.8.6 4.00 43.00 47.00 OK
r-patched-linux-x86_64 1.8.6 2.48 21.07 23.55 OK
r-release-linux-x86_64 1.8.6 2.43 20.92 23.35 OK
r-release-macos-arm64 1.8.6 17.00 OK
r-release-macos-x86_64 1.8.6 28.00 OK
r-release-windows-x86_64 1.8.6 4.00 44.00 48.00 OK
r-oldrel-macos-arm64 1.8.6 21.00 OK
r-oldrel-macos-x86_64 1.8.6 29.00 OK
r-oldrel-windows-x86_64 1.8.6 5.00 47.00 52.00 OK

Check Details

Version: 1.8.6
Check: CRAN incoming feasibility
Result: NOTE Maintainer: ‘Gordon Smyth <smyth@wehi.edu.au>’ No Authors@R field in DESCRIPTION. Please add one, modifying Authors@R: c(person(given = "Gordon", family = "Smyth", role = c("aut", "cre"), email = "smyth@wehi.edu.au"), person(given = c("Peter", "K"), family = "Dunn", role = "aut", email = "pdunn2@usc.edu.au"), person(given = c("Robert", "W."), family = "Corty", role = "aut")) as necessary. Flavors: r-devel-linux-x86_64-debian-clang, r-devel-linux-x86_64-debian-gcc