CRAN Package Check Results for Package diario

Last updated on 2025-11-20 02:49:12 CET.

Flavor Version Tinstall Tcheck Ttotal Status Flags
r-devel-linux-x86_64-debian-clang 0.1.0 1.87 20.86 22.73 NOTE
r-devel-linux-x86_64-debian-gcc 0.1.0 1.35 17.29 18.64 NOTE
r-devel-linux-x86_64-fedora-clang 0.1.0 31.65 NOTE
r-devel-linux-x86_64-fedora-gcc 0.1.0 29.30 NOTE
r-devel-windows-x86_64 0.1.0 8.00 40.00 48.00 NOTE
r-patched-linux-x86_64 0.1.0 1.97 18.14 20.11 NOTE
r-release-linux-x86_64 0.1.0 1.81 18.27 20.08 NOTE
r-release-macos-arm64 0.1.0 NOTE
r-release-macos-x86_64 0.1.0 2.00 22.00 24.00 NOTE
r-release-windows-x86_64 0.1.0 4.00 39.00 43.00 NOTE
r-oldrel-macos-arm64 0.1.0 OK
r-oldrel-macos-x86_64 0.1.0 2.00 33.00 35.00 OK
r-oldrel-windows-x86_64 0.1.0 5.00 43.00 48.00 OK

Check Details

Version: 0.1.0
Check: DESCRIPTION meta-information
Result: NOTE Missing dependency on R >= 4.1.0 because package code uses the pipe |> or function shorthand \(...) syntax added in R 4.1.0. File(s) using such syntax: ‘diario.R’ Flavors: r-devel-linux-x86_64-debian-clang, r-devel-linux-x86_64-debian-gcc, r-devel-linux-x86_64-fedora-clang, r-devel-linux-x86_64-fedora-gcc, r-devel-windows-x86_64, r-patched-linux-x86_64, r-release-linux-x86_64, r-release-macos-arm64, r-release-macos-x86_64, r-release-windows-x86_64