Last updated on 2024-04-24 01:52:08 CEST.
Flavor | Version | Tinstall | Tcheck | Ttotal | Status | Flags |
---|---|---|---|---|---|---|
r-devel-linux-x86_64-debian-clang | 1.0.4 | 5.64 | 70.96 | 76.60 | NOTE | |
r-devel-linux-x86_64-debian-gcc | 1.0.4 | 3.80 | 52.24 | 56.04 | NOTE | |
r-devel-linux-x86_64-fedora-clang | 1.0.4 | 92.51 | NOTE | |||
r-devel-linux-x86_64-fedora-gcc | 1.0.4 | 100.77 | NOTE | |||
r-prerel-macos-arm64 | 1.0.4 | 34.00 | NOTE | |||
r-prerel-windows-x86_64 | 1.0.4 | 6.00 | 73.00 | 79.00 | NOTE | |
r-patched-linux-x86_64 | 1.0.4 | 5.18 | 67.67 | 72.85 | NOTE | |
r-release-linux-x86_64 | 1.0.4 | 5.21 | 67.33 | 72.54 | NOTE | |
r-release-macos-arm64 | 1.0.4 | 35.00 | NOTE | |||
r-release-macos-x86_64 | 1.0.4 | 58.00 | NOTE | |||
r-release-windows-x86_64 | 1.0.4 | 7.00 | 81.00 | 88.00 | NOTE | |
r-oldrel-macos-arm64 | 1.0.4 | 24.00 | NOTE | |||
r-oldrel-windows-x86_64 | 1.0.4 | 7.00 | 81.00 | 88.00 | NOTE |
Version: 1.0.4
Check: LazyData
Result: NOTE
'LazyData' is specified without a 'data' directory
Flavors: r-devel-linux-x86_64-debian-clang, r-devel-linux-x86_64-debian-gcc, r-devel-linux-x86_64-fedora-clang, r-devel-linux-x86_64-fedora-gcc, r-prerel-macos-arm64, r-prerel-windows-x86_64, r-patched-linux-x86_64, r-release-linux-x86_64, r-release-macos-arm64, r-release-macos-x86_64, r-release-windows-x86_64, r-oldrel-macos-arm64, r-oldrel-windows-x86_64