CRAN Package Check Results for Package diffudist

Last updated on 2023-05-28 01:53:55 CEST.

Flavor Version Tinstall Tcheck Ttotal Status Flags
r-devel-linux-x86_64-debian-clang 1.0.1 41.17 69.23 110.40 OK
r-devel-linux-x86_64-debian-gcc 1.0.1 32.18 52.84 85.02 OK
r-devel-linux-x86_64-fedora-clang 1.0.1 152.80 OK
r-devel-linux-x86_64-fedora-gcc 1.0.1 152.49 OK
r-devel-windows-x86_64 1.0.1 37.00 95.00 132.00 OK
r-patched-linux-x86_64 1.0.1 34.00 66.35 100.35 OK
r-release-linux-x86_64 1.0.1 32.60 65.79 98.39 OK
r-release-macos-arm64 1.0.1 52.00 OK
r-release-macos-x86_64 1.0.1 73.00 NOTE
r-release-windows-x86_64 1.0.1 44.00 108.00 152.00 OK
r-oldrel-macos-arm64 1.0.1 45.00 OK
r-oldrel-macos-x86_64 1.0.1 59.00 OK
r-oldrel-windows-x86_64 1.0.1 42.00 107.00 149.00 OK

Check Details

Version: 1.0.1
Check: package dependencies
Result: NOTE
    Package suggested but not available for checking: ‘parallelDist’
Flavor: r-release-macos-x86_64