Last updated on 2024-04-18 01:55:11 CEST.
Flavor | Version | Tinstall | Tcheck | Ttotal | Status | Flags |
---|---|---|---|---|---|---|
r-devel-linux-x86_64-debian-clang | 0.2.7 | 4.07 | 39.72 | 43.79 | NOTE | |
r-devel-linux-x86_64-debian-gcc | 0.2.7 | 3.10 | 29.47 | 32.57 | NOTE | |
r-devel-linux-x86_64-fedora-clang | 0.4.0 | 123.03 | OK | |||
r-devel-linux-x86_64-fedora-gcc | 0.4.0 | 119.07 | OK | |||
r-prerel-macos-arm64 | 0.4.0 | 36.00 | OK | |||
r-prerel-macos-x86_64 | 0.4.0 | 92.00 | OK | |||
r-prerel-windows-x86_64 | 0.4.0 | 8.00 | 82.00 | 90.00 | OK | |
r-patched-linux-x86_64 | 0.2.7 | 3.76 | 37.15 | 40.91 | NOTE | |
r-release-linux-x86_64 | 0.2.7 | 3.24 | 37.78 | 41.02 | OK | |
r-release-macos-arm64 | 0.4.0 | 43.00 | OK | |||
r-release-macos-x86_64 | 0.4.0 | 93.00 | OK | |||
r-release-windows-x86_64 | 0.2.7 | 6.00 | 55.00 | 61.00 | OK | |
r-oldrel-macos-arm64 | 0.4.0 | 42.00 | OK | |||
r-oldrel-windows-x86_64 | 0.4.0 | 8.00 | 101.00 | 109.00 | OK |
Version: 0.2.7
Check: Rd \usage sections
Result: NOTE
Documented arguments not in \usage in Rd file 'Nortonbass_startvalgen.Rd':
‘param’ ‘startvalgen’
Documented arguments not in \usage in Rd file 'seqdiffusion.Rd':
‘w’
Functions with \usage entries need to have the appropriate \alias
entries, and all their arguments documented.
The \usage entries must correspond to syntactically valid R code.
See chapter ‘Writing R documentation files’ in the ‘Writing R
Extensions’ manual.
Flavors: r-devel-linux-x86_64-debian-clang, r-devel-linux-x86_64-debian-gcc, r-patched-linux-x86_64