Last updated on 2024-04-24 01:52:08 CEST.
Flavor | Version | Tinstall | Tcheck | Ttotal | Status | Flags |
---|---|---|---|---|---|---|
r-devel-linux-x86_64-debian-clang | 0.2.6 | 23.76 | 271.97 | 295.73 | NOTE | |
r-devel-linux-x86_64-debian-gcc | 0.2.6 | 18.99 | 201.42 | 220.41 | NOTE | |
r-devel-linux-x86_64-fedora-clang | 0.2.6 | 366.44 | NOTE | |||
r-devel-linux-x86_64-fedora-gcc | 0.2.6 | 394.85 | NOTE | |||
r-prerel-macos-arm64 | 0.2.6 | 100.00 | NOTE | |||
r-prerel-windows-x86_64 | 0.2.6 | 18.00 | 239.00 | 257.00 | NOTE | |
r-patched-linux-x86_64 | 0.2.6 | 20.53 | 254.18 | 274.71 | NOTE | |
r-release-linux-x86_64 | 0.2.6 | 18.54 | 265.15 | 283.69 | OK | |
r-release-macos-arm64 | 0.2.6 | 114.00 | OK | |||
r-release-macos-x86_64 | 0.2.6 | 207.00 | OK | |||
r-release-windows-x86_64 | 0.2.6 | 25.00 | 295.00 | 320.00 | OK | |
r-oldrel-macos-arm64 | 0.2.6 | 105.00 | OK | |||
r-oldrel-windows-x86_64 | 0.2.6 | 26.00 | 294.00 | 320.00 | OK |
Version: 0.2.6
Check: Rd files
Result: NOTE
checkRd: (-1) DRR-class.Rd:79: Lost braces; missing escapes or markup?
79 | n^{1/3} up to sacrificing some accuracy, for details see
| ^
Flavors: r-devel-linux-x86_64-debian-clang, r-devel-linux-x86_64-debian-gcc, r-devel-linux-x86_64-fedora-clang, r-devel-linux-x86_64-fedora-gcc, r-prerel-macos-arm64, r-prerel-windows-x86_64, r-patched-linux-x86_64
Version: 0.2.6
Check: Rd cross-references
Result: NOTE
Undeclared package ‘CVST’ in Rd xrefs
Flavor: r-devel-linux-x86_64-fedora-clang
Version: 0.2.6
Check: Rd cross-references
Result: NOTE
Package unavailable to check Rd xrefs: ‘diffusionMap’
Flavor: r-prerel-macos-arm64