Last updated on 2025-10-05 01:48:27 CEST.
Flavor | Version | Tinstall | Tcheck | Ttotal | Status | Flags |
---|---|---|---|---|---|---|
r-devel-linux-x86_64-debian-clang | 2.0.2 | 22.56 | 26.99 | 49.55 | OK | |
r-devel-linux-x86_64-debian-gcc | 2.0.2 | 14.93 | 21.97 | 36.90 | OK | |
r-devel-linux-x86_64-fedora-clang | 2.0.2 | 87.28 | OK | |||
r-devel-linux-x86_64-fedora-gcc | 2.0.2 | 61.27 | OK | |||
r-devel-windows-x86_64 | 2.0.2 | 29.00 | 69.00 | 98.00 | OK | |
r-patched-linux-x86_64 | 2.0.2 | 24.05 | 24.63 | 48.68 | OK | |
r-release-linux-x86_64 | 2.0.2 | 23.56 | 24.68 | 48.24 | OK | |
r-release-macos-arm64 | 2.0.2 | 27.00 | OK | |||
r-release-macos-x86_64 | 2.0.2 | 106.00 | OK | |||
r-release-windows-x86_64 | 2.0.2 | 25.00 | 63.00 | 88.00 | OK | |
r-oldrel-macos-arm64 | 2.0.0 | 26.00 | NOTE | |||
r-oldrel-macos-x86_64 | 2.0.2 | 88.00 | OK | |||
r-oldrel-windows-x86_64 | 2.0.2 | 33.00 | 73.00 | 106.00 | OK |
Version: 2.0.0
Check: C++ specification
Result: NOTE
Specified C++11: please drop specification unless essential
Flavor: r-oldrel-macos-arm64