CRAN Package Check Results for Package directotree

Last updated on 2022-06-30 01:49:07 CEST.

Flavor Version Tinstall Tcheck Ttotal Status Flags
r-devel-linux-x86_64-debian-clang 1.0.0 3.35 29.13 32.48 NOTE
r-devel-linux-x86_64-debian-gcc 1.0.0 2.06 22.60 24.66 NOTE
r-devel-linux-x86_64-fedora-clang 1.0.0 49.78 NOTE
r-devel-linux-x86_64-fedora-gcc 1.0.0 49.19 NOTE
r-devel-windows-x86_64 1.0.0 9.00 58.00 67.00 NOTE
r-patched-linux-x86_64 1.0.0 2.84 27.99 30.83 NOTE
r-release-linux-x86_64 1.0.0 3.20 28.40 31.60 NOTE
r-release-macos-arm64 1.0.0 17.00 NOTE
r-release-macos-x86_64 1.0.0 24.00 NOTE
r-release-windows-x86_64 1.0.0 11.00 53.00 64.00 NOTE
r-oldrel-macos-arm64 1.0.0 20.00 NOTE
r-oldrel-macos-x86_64 1.0.0 28.00 NOTE
r-oldrel-windows-ix86+x86_64 1.0.0 8.00 46.00 54.00 NOTE

Check Details

Version: 1.0.0
Check: LazyData
Result: NOTE
     'LazyData' is specified without a 'data' directory
Flavors: r-devel-linux-x86_64-debian-clang, r-devel-linux-x86_64-debian-gcc, r-devel-linux-x86_64-fedora-clang, r-devel-linux-x86_64-fedora-gcc, r-devel-windows-x86_64, r-patched-linux-x86_64, r-release-linux-x86_64, r-release-macos-arm64, r-release-macos-x86_64, r-release-windows-x86_64, r-oldrel-macos-arm64, r-oldrel-macos-x86_64, r-oldrel-windows-ix86+x86_64