Last updated on 2024-04-24 01:52:08 CEST.
Flavor | Version | Tinstall | Tcheck | Ttotal | Status | Flags |
---|---|---|---|---|---|---|
r-devel-linux-x86_64-debian-clang | 3.1.2 | 23.22 | 166.77 | 189.99 | NOTE | |
r-devel-linux-x86_64-debian-gcc | 3.1.2 | 18.42 | 122.13 | 140.55 | NOTE | |
r-devel-linux-x86_64-fedora-clang | 3.1.2 | 239.09 | NOTE | |||
r-devel-linux-x86_64-fedora-gcc | 3.1.2 | 219.99 | NOTE | |||
r-prerel-macos-arm64 | 3.1.2 | 61.00 | NOTE | |||
r-prerel-windows-x86_64 | 3.1.2 | 21.00 | 139.00 | 160.00 | NOTE | |
r-patched-linux-x86_64 | 3.1.2 | 23.55 | 153.32 | 176.87 | NOTE | |
r-release-linux-x86_64 | 3.1.2 | 19.31 | 162.00 | 181.31 | OK | |
r-release-macos-arm64 | 3.1.2 | 65.00 | OK | |||
r-release-macos-x86_64 | 3.1.2 | 123.00 | OK | |||
r-release-windows-x86_64 | 3.1.2 | 29.00 | 175.00 | 204.00 | OK | |
r-oldrel-macos-arm64 | 3.1.2 | 71.00 | OK | |||
r-oldrel-windows-x86_64 | 3.1.2 | 30.00 | 175.00 | 205.00 | OK |
Version: 3.1.2
Check: Rd files
Result: NOTE
checkRd: (-1) app_server.Rd:10: Lost braces; missing escapes or markup?
10 | \item{input, output, session}{Internal parameters for `{shiny}`.
| ^
Flavors: r-devel-linux-x86_64-debian-clang, r-devel-linux-x86_64-debian-gcc, r-devel-linux-x86_64-fedora-clang, r-devel-linux-x86_64-fedora-gcc, r-prerel-macos-arm64, r-prerel-windows-x86_64, r-patched-linux-x86_64