Last updated on 2025-05-29 01:49:27 CEST.
Flavor | Version | Tinstall | Tcheck | Ttotal | Status | Flags |
---|---|---|---|---|---|---|
r-devel-linux-x86_64-debian-clang | 0.8.3 | 21.79 | 130.29 | 152.08 | NOTE | |
r-devel-linux-x86_64-debian-gcc | 0.8.3 | 15.96 | 90.91 | 106.87 | NOTE | |
r-devel-linux-x86_64-fedora-clang | 0.8.3 | 246.21 | NOTE | |||
r-devel-linux-x86_64-fedora-gcc | 0.8.3 | 230.27 | NOTE | |||
r-devel-windows-x86_64 | 0.8.3 | 28.00 | 165.00 | 193.00 | NOTE | |
r-patched-linux-x86_64 | 0.8.3 | 22.67 | 120.22 | 142.89 | NOTE | |
r-release-linux-x86_64 | 0.8.3 | 21.17 | 121.38 | 142.55 | NOTE | |
r-release-macos-arm64 | 0.8.3 | 67.00 | NOTE | |||
r-release-macos-x86_64 | 0.8.3 | 121.00 | NOTE | |||
r-release-windows-x86_64 | 0.8.3 | 27.00 | 164.00 | 191.00 | NOTE | |
r-oldrel-macos-arm64 | 0.8.3 | 62.00 | NOTE | |||
r-oldrel-macos-x86_64 | 0.8.3 | 96.00 | NOTE | |||
r-oldrel-windows-x86_64 | 0.8.3 | 36.00 | 205.00 | 241.00 | NOTE |
Version: 0.8.3
Check: Rd files
Result: NOTE
checkRd: (-1) csv_to_disk.frame.Rd:56: Lost braces; missing escapes or markup?
56 | strings, and you are encouraged to use {fasttime} to convert the strings to
| ^
checkRd: (-1) purrr_as_mapper.Rd:10: Lost braces; missing escapes or markup?
10 | \item{.f}{a normal function or purrr syntax function i.e. `~{ ...code...}`}
| ^
Flavors: r-devel-linux-x86_64-debian-clang, r-devel-linux-x86_64-debian-gcc, r-devel-linux-x86_64-fedora-clang, r-devel-linux-x86_64-fedora-gcc, r-devel-windows-x86_64, r-patched-linux-x86_64, r-release-linux-x86_64, r-release-macos-arm64, r-release-macos-x86_64, r-release-windows-x86_64, r-oldrel-macos-arm64, r-oldrel-macos-x86_64, r-oldrel-windows-x86_64