CRAN Package Check Results for Package disposables

Last updated on 2022-05-18 01:49:50 CEST.

Flavor Version Tinstall Tcheck Ttotal Status Flags
r-devel-linux-x86_64-debian-clang 1.0.3 1.92 34.45 36.37 NOTE
r-devel-linux-x86_64-debian-gcc 1.0.3 1.52 26.47 27.99 NOTE
r-devel-linux-x86_64-fedora-clang 1.0.3 43.95 NOTE
r-devel-linux-x86_64-fedora-gcc 1.0.3 42.57 NOTE
r-devel-windows-x86_64 1.0.3 17.00 49.00 66.00 NOTE
r-patched-linux-x86_64 1.0.3 1.46 32.59 34.05 NOTE
r-release-linux-x86_64 1.0.3 2.07 32.92 34.99 NOTE
r-release-macos-arm64 1.0.3 14.00 NOTE
r-release-macos-x86_64 1.0.3 22.00 NOTE
r-release-windows-x86_64 1.0.3 18.00 50.00 68.00 NOTE
r-oldrel-macos-arm64 1.0.3 17.00 NOTE
r-oldrel-macos-x86_64 1.0.3 29.00 NOTE
r-oldrel-windows-ix86+x86_64 1.0.3 5.00 42.00 47.00 NOTE

Check Details

Version: 1.0.3
Check: LazyData
Result: NOTE
     'LazyData' is specified without a 'data' directory
Flavors: r-devel-linux-x86_64-debian-clang, r-devel-linux-x86_64-debian-gcc, r-devel-linux-x86_64-fedora-clang, r-devel-linux-x86_64-fedora-gcc, r-devel-windows-x86_64, r-patched-linux-x86_64, r-release-linux-x86_64, r-release-macos-arm64, r-release-macos-x86_64, r-release-windows-x86_64, r-oldrel-macos-arm64, r-oldrel-macos-x86_64, r-oldrel-windows-ix86+x86_64