Last updated on 2024-04-19 01:58:40 CEST.
Flavor | Version | Tinstall | Tcheck | Ttotal | Status | Flags |
---|---|---|---|---|---|---|
r-devel-linux-x86_64-debian-clang | 0.2.0 | 2.39 | 44.70 | 47.09 | NOTE | |
r-devel-linux-x86_64-debian-gcc | 0.2.0 | 2.22 | 33.91 | 36.13 | NOTE | |
r-devel-linux-x86_64-fedora-clang | 0.2.0 | 61.70 | NOTE | |||
r-devel-linux-x86_64-fedora-gcc | 0.2.0 | 70.30 | NOTE | |||
r-prerel-macos-arm64 | 0.2.0 | 29.00 | NOTE | |||
r-prerel-windows-x86_64 | 0.2.0 | 4.00 | 70.00 | 74.00 | NOTE | |
r-patched-linux-x86_64 | 0.2.0 | 3.53 | 43.88 | 47.41 | NOTE | |
r-release-linux-x86_64 | 0.2.0 | 2.51 | 42.72 | 45.23 | NOTE | |
r-release-macos-arm64 | 0.2.0 | 31.00 | NOTE | |||
r-release-macos-x86_64 | 0.2.0 | 37.00 | NOTE | |||
r-release-windows-x86_64 | 0.2.0 | 5.00 | 72.00 | 77.00 | NOTE | |
r-oldrel-macos-arm64 | 0.2.0 | 23.00 | NOTE | |||
r-oldrel-windows-x86_64 | 0.2.0 | 6.00 | 73.00 | 79.00 | OK |
Version: 0.2.0
Check: package subdirectories
Result: NOTE
Problems with news in ‘NEWS.md’:
No news entries found.
Flavors: r-devel-linux-x86_64-debian-clang, r-devel-linux-x86_64-debian-gcc, r-devel-linux-x86_64-fedora-clang, r-devel-linux-x86_64-fedora-gcc, r-prerel-macos-arm64, r-prerel-windows-x86_64, r-patched-linux-x86_64, r-release-linux-x86_64, r-release-macos-arm64, r-release-macos-x86_64, r-release-windows-x86_64
Version: 0.2.0
Check: Rd files
Result: NOTE
checkRd: (-1) dapply.Rd:27-30: Lost braces
27 | udf <- function(x){
| ^
Flavors: r-devel-linux-x86_64-debian-clang, r-devel-linux-x86_64-debian-gcc, r-devel-linux-x86_64-fedora-clang, r-devel-linux-x86_64-fedora-gcc, r-prerel-macos-arm64, r-prerel-windows-x86_64, r-patched-linux-x86_64
Version: 0.2.0
Check: dependencies in R code
Result: NOTE
Namespaces in Imports field not imported from:
‘dplyr’ ‘proxy’
All declared Imports should be used.
Flavors: r-devel-linux-x86_64-fedora-clang, r-devel-linux-x86_64-fedora-gcc, r-oldrel-macos-arm64