CRAN Package Check Results for Package disto

Last updated on 2022-07-05 02:53:27 CEST.

Flavor Version Tinstall Tcheck Ttotal Status Flags
r-devel-linux-x86_64-debian-clang 0.2.0 3.07 41.95 45.02 OK
r-devel-linux-x86_64-debian-gcc 0.2.0 2.49 32.13 34.62 OK
r-devel-linux-x86_64-fedora-clang 0.2.0 66.80 NOTE
r-devel-linux-x86_64-fedora-gcc 0.2.0 63.42 NOTE
r-devel-windows-x86_64 0.2.0 12.00 78.00 90.00 OK
r-patched-linux-x86_64 0.2.0 3.49 40.71 44.20 OK
r-release-linux-x86_64 0.2.0 3.01 39.56 42.57 OK
r-release-macos-arm64 0.2.0 23.00 NOTE
r-release-macos-x86_64 0.2.0 36.00 NOTE
r-release-windows-x86_64 0.2.0 7.00 78.00 85.00 OK
r-oldrel-macos-arm64 0.2.0 30.00 NOTE
r-oldrel-macos-x86_64 0.2.0 37.00 NOTE
r-oldrel-windows-ix86+x86_64 0.2.0 9.00 71.00 80.00 OK

Check Details

Version: 0.2.0
Check: dependencies in R code
Result: NOTE
    Namespaces in Imports field not imported from:
     ‘dplyr’ ‘proxy’
     All declared Imports should be used.
Flavors: r-devel-linux-x86_64-fedora-clang, r-devel-linux-x86_64-fedora-gcc, r-release-macos-arm64, r-release-macos-x86_64, r-oldrel-macos-arm64, r-oldrel-macos-x86_64