Last updated on 2025-10-31 01:48:55 CET.
| Flavor | Version | Tinstall | Tcheck | Ttotal | Status | Flags | 
|---|---|---|---|---|---|---|
| r-devel-linux-x86_64-debian-clang | 0.1.0 | 17.10 | 27.66 | 44.76 | NOTE | |
| r-devel-linux-x86_64-debian-gcc | 0.1.0 | 11.73 | 22.51 | 34.24 | NOTE | |
| r-devel-linux-x86_64-fedora-clang | 0.1.0 | 32.00 | 42.32 | 74.32 | NOTE | |
| r-devel-linux-x86_64-fedora-gcc | 0.1.0 | 31.00 | 36.92 | 67.92 | NOTE | |
| r-devel-windows-x86_64 | 0.1.0 | 28.00 | 61.00 | 89.00 | NOTE | |
| r-patched-linux-x86_64 | 0.1.0 | 15.28 | 25.37 | 40.65 | NOTE | |
| r-release-linux-x86_64 | 0.1.0 | 15.68 | 25.56 | 41.24 | NOTE | |
| r-release-macos-arm64 | 0.1.0 | 9.00 | 20.00 | 29.00 | NOTE | |
| r-release-macos-x86_64 | 0.1.0 | 12.00 | 29.00 | 41.00 | NOTE | |
| r-release-windows-x86_64 | 0.1.0 | 26.00 | 62.00 | 88.00 | NOTE | |
| r-oldrel-macos-arm64 | 0.1.0 | 5.00 | 17.00 | 22.00 | NOTE | |
| r-oldrel-macos-x86_64 | 0.1.0 | 6.00 | 27.00 | 33.00 | NOTE | |
| r-oldrel-windows-x86_64 | 0.1.0 | 32.00 | 76.00 | 108.00 | NOTE | 
Version: 0.1.0
Check: DESCRIPTION meta-information
Result: NOTE
    Missing dependency on R >= 4.1.0 because package code uses the pipe
    |> or function shorthand \(...) syntax added in R 4.1.0.
    File(s) using such syntax:
      ‘dev_package.R’
Flavors: r-devel-linux-x86_64-debian-clang, r-devel-linux-x86_64-debian-gcc, r-devel-linux-x86_64-fedora-clang, r-devel-linux-x86_64-fedora-gcc, r-devel-windows-x86_64, r-patched-linux-x86_64, r-release-linux-x86_64, r-release-macos-arm64, r-release-macos-x86_64, r-release-windows-x86_64
Version: 0.1.0
Check: for GNU extensions in Makefiles
Result: NOTE
  GNU make is a SystemRequirements.
Flavors: r-oldrel-macos-arm64, r-oldrel-macos-x86_64, r-oldrel-windows-x86_64