CRAN Package Check Results for Package distrEx

Last updated on 2022-11-26 01:49:41 CET.

Flavor Version Tinstall Tcheck Ttotal Status Flags
r-devel-linux-x86_64-debian-clang 2.9.0 24.80 109.03 133.83 OK
r-devel-linux-x86_64-debian-gcc 2.9.0 27.62 81.32 108.94 OK
r-devel-linux-x86_64-fedora-clang 2.9.0 194.05 NOTE
r-devel-linux-x86_64-fedora-gcc 2.9.0 200.75 OK
r-devel-windows-x86_64 2.9.0 73.00 152.00 225.00 OK
r-patched-linux-x86_64 2.9.0 OK
r-release-linux-x86_64 2.9.0 33.51 100.85 134.36 OK
r-release-macos-arm64 2.9.0 59.00 OK
r-release-macos-x86_64 2.9.0 64.00 OK
r-release-windows-x86_64 2.8.0 79.00 153.00 232.00 OK
r-oldrel-macos-arm64 2.9.0 58.00 OK
r-oldrel-macos-x86_64 2.9.0 66.00 OK
r-oldrel-windows-ix86+x86_64 2.9.0 55.00 174.00 229.00 OK

Check Details

Version: 2.9.0
Check: Rd cross-references
Result: NOTE
    Undeclared package ‘robustbase’ in Rd xrefs
Flavor: r-devel-linux-x86_64-fedora-clang