Last updated on 2024-03-29 01:51:03 CET.
Flavor | Version | Tinstall | Tcheck | Ttotal | Status | Flags |
---|---|---|---|---|---|---|
r-devel-linux-x86_64-debian-clang | 2.9.2 | 29.71 | 108.84 | 138.55 | OK | |
r-devel-linux-x86_64-debian-gcc | 2.9.2 | 25.47 | 80.82 | 106.29 | OK | |
r-devel-linux-x86_64-fedora-clang | 2.9.2 | 176.22 | NOTE | |||
r-devel-linux-x86_64-fedora-gcc | 2.9.2 | 185.11 | OK | |||
r-devel-windows-x86_64 | 2.9.2 | 28.00 | 113.00 | 141.00 | OK | |
r-patched-linux-x86_64 | 2.9.2 | 38.58 | 105.87 | 144.45 | OK | |
r-release-linux-x86_64 | 2.9.2 | 26.16 | 107.22 | 133.38 | OK | |
r-release-macos-arm64 | 2.9.2 | 60.00 | OK | |||
r-release-macos-x86_64 | 2.9.2 | 142.00 | OK | |||
r-release-windows-x86_64 | 2.9.2 | 37.00 | 132.00 | 169.00 | OK | |
r-oldrel-macos-arm64 | 2.9.2 | 54.00 | OK | |||
r-oldrel-windows-x86_64 | 2.9.2 | 38.00 | 123.00 | 161.00 | OK |
Version: 2.9.2
Check: Rd cross-references
Result: NOTE
Undeclared package ‘robustbase’ in Rd xrefs
Flavor: r-devel-linux-x86_64-fedora-clang