Last updated on 2025-05-05 01:50:45 CEST.
Flavor | Version | Tinstall | Tcheck | Ttotal | Status | Flags |
---|---|---|---|---|---|---|
r-devel-linux-x86_64-debian-clang | 2.0.6 | 6.76 | 43.31 | 50.07 | NOTE | |
r-devel-linux-x86_64-debian-gcc | 2.0.6 | 4.07 | 29.96 | 34.03 | NOTE | |
r-devel-linux-x86_64-fedora-clang | 2.0.6 | 78.36 | NOTE | |||
r-devel-linux-x86_64-fedora-gcc | 2.0.6 | 74.74 | NOTE | |||
r-devel-windows-x86_64 | 2.0.6 | 5.00 | 71.00 | 76.00 | OK | |
r-patched-linux-x86_64 | 2.0.6 | 6.51 | 42.25 | 48.76 | OK | |
r-release-linux-x86_64 | 2.0.6 | 6.38 | 41.86 | 48.24 | OK | |
r-release-macos-arm64 | 2.0.6 | 27.00 | OK | |||
r-release-macos-x86_64 | 2.0.6 | 50.00 | OK | |||
r-release-windows-x86_64 | 2.0.6 | 7.00 | 72.00 | 79.00 | OK | |
r-oldrel-macos-arm64 | 2.0.6 | 23.00 | OK | |||
r-oldrel-macos-x86_64 | 2.0.6 | 39.00 | OK | |||
r-oldrel-windows-x86_64 | 2.0.6 | 8.00 | 77.00 | 85.00 | OK |
Version: 2.0.6
Check: CRAN incoming feasibility
Result: NOTE
Maintainer: ‘Sean A. S. Anderson <sean.as.anderson@gmail.com>’
No Authors@R field in DESCRIPTION.
Please add one, modifying
Authors@R: c(person(given = c("Sean", "A.", "S."),
family = "Anderson",
role = c("aut", "cre"),
email = "sean.as.anderson@gmail.com"),
person(given = c("Jason", "T."),
family = "Weir",
role = "aut"))
as necessary.
Flavors: r-devel-linux-x86_64-debian-clang, r-devel-linux-x86_64-debian-gcc
Version: 2.0.6
Check: dependencies in R code
Result: NOTE
Namespace in Imports field not imported from: ‘truncnorm’
All declared Imports should be used.
Flavors: r-devel-linux-x86_64-fedora-clang, r-devel-linux-x86_64-fedora-gcc