Last updated on 2024-03-28 01:53:55 CET.
Flavor | Version | Tinstall | Tcheck | Ttotal | Status | Flags |
---|---|---|---|---|---|---|
r-devel-linux-x86_64-debian-clang | 0.4.0 | 176.14 | 125.15 | 301.29 | NOTE | |
r-devel-linux-x86_64-debian-gcc | 0.4.0 | 145.01 | 93.09 | 238.10 | NOTE | |
r-devel-linux-x86_64-fedora-clang | 0.4.0 | 449.31 | NOTE | |||
r-devel-linux-x86_64-fedora-gcc | 0.4.0 | 435.96 | NOTE | |||
r-devel-windows-x86_64 | 0.4.0 | 140.00 | 131.00 | 271.00 | NOTE | |
r-patched-linux-x86_64 | 0.4.0 | 181.57 | 122.60 | 304.17 | NOTE | |
r-release-linux-x86_64 | 0.4.0 | 173.79 | 121.34 | 295.13 | NOTE | |
r-release-macos-arm64 | 0.4.0 | 107.00 | NOTE | |||
r-release-macos-x86_64 | 0.4.0 | 172.00 | NOTE | |||
r-release-windows-x86_64 | 0.4.0 | 173.00 | 156.00 | 329.00 | NOTE | |
r-oldrel-macos-arm64 | 0.4.0 | 64.00 | NOTE | |||
r-oldrel-windows-x86_64 | 0.4.0 | 171.00 | 155.00 | 326.00 | NOTE |
Version: 0.4.0
Check: package dependencies
Result: NOTE
Package suggested but not available for checking: ‘BOLTSSIRR’
Flavors: r-devel-linux-x86_64-debian-clang, r-devel-linux-x86_64-debian-gcc, r-devel-linux-x86_64-fedora-clang, r-devel-linux-x86_64-fedora-gcc, r-devel-windows-x86_64, r-patched-linux-x86_64, r-release-linux-x86_64, r-release-macos-arm64, r-release-macos-x86_64, r-release-windows-x86_64, r-oldrel-macos-arm64, r-oldrel-windows-x86_64
Version: 0.4.0
Check: installed package size
Result: NOTE
installed size is 9.9Mb
sub-directories of 1Mb or more:
libs 9.5Mb
Flavors: r-release-macos-arm64, r-release-macos-x86_64, r-oldrel-macos-arm64