Last updated on 2022-05-19 02:49:10 CEST.
Flavor | Version | Tinstall | Tcheck | Ttotal | Status | Flags |
---|---|---|---|---|---|---|
r-devel-linux-x86_64-debian-clang | 0.3.3 | 157.27 | 139.00 | 296.27 | WARN | |
r-devel-linux-x86_64-debian-gcc | 0.3.3 | 134.60 | 103.48 | 238.08 | NOTE | |
r-devel-linux-x86_64-fedora-clang | 0.3.3 | 413.46 | WARN | |||
r-devel-linux-x86_64-fedora-gcc | 0.3.3 | 375.30 | NOTE | |||
r-devel-windows-x86_64 | 0.3.3 | 122.00 | 164.00 | 286.00 | NOTE | |
r-patched-linux-x86_64 | 0.3.3 | 139.10 | 130.66 | 269.76 | NOTE | |
r-release-linux-x86_64 | 0.3.3 | 142.44 | 132.08 | 274.52 | NOTE | |
r-release-macos-arm64 | 0.3.3 | 89.00 | NOTE | |||
r-release-macos-x86_64 | 0.3.3 | 161.00 | NOTE | |||
r-release-windows-x86_64 | 0.3.3 | 136.00 | 164.00 | 300.00 | NOTE | |
r-oldrel-macos-arm64 | 0.3.3 | 90.00 | NOTE | |||
r-oldrel-macos-x86_64 | 0.3.3 | 125.00 | NOTE | |||
r-oldrel-windows-ix86+x86_64 | 0.3.3 | 319.00 | 189.00 | 508.00 | NOTE |
Version: 0.3.3
Check: package dependencies
Result: NOTE
Package suggested but not available for checking: 'BOLTSSIRR'
Flavors: r-devel-linux-x86_64-debian-clang, r-devel-linux-x86_64-debian-gcc, r-devel-linux-x86_64-fedora-clang, r-devel-linux-x86_64-fedora-gcc, r-devel-windows-x86_64, r-patched-linux-x86_64, r-release-linux-x86_64, r-release-macos-arm64, r-release-macos-x86_64, r-release-windows-x86_64, r-oldrel-macos-arm64, r-oldrel-macos-x86_64, r-oldrel-windows-ix86+x86_64
Version: 0.3.3
Check: whether package can be installed
Result: WARN
Found the following significant warnings:
Forest.cpp:357:9: warning: use of bitwise '&' with boolean operands [-Wbitwise-instead-of-logical]
Flavors: r-devel-linux-x86_64-debian-clang, r-devel-linux-x86_64-fedora-clang
Version: 0.3.3
Check: installed package size
Result: NOTE
installed size is 6.8Mb
sub-directories of 1Mb or more:
libs 6.3Mb
Flavors: r-devel-linux-x86_64-fedora-clang, r-release-macos-arm64, r-release-macos-x86_64, r-oldrel-macos-arm64, r-oldrel-macos-x86_64