Last updated on 2024-04-19 01:58:40 CEST.
Flavor | Version | Tinstall | Tcheck | Ttotal | Status | Flags |
---|---|---|---|---|---|---|
r-devel-linux-x86_64-debian-clang | 0.1.3 | 4.46 | 88.50 | 92.96 | NOTE | |
r-devel-linux-x86_64-debian-gcc | 0.1.3 | 2.66 | 64.80 | 67.46 | NOTE | |
r-devel-linux-x86_64-fedora-clang | 0.1.3 | 113.12 | NOTE | |||
r-devel-linux-x86_64-fedora-gcc | 0.1.3 | 121.19 | NOTE | |||
r-prerel-macos-arm64 | 0.1.3 | 42.00 | NOTE | |||
r-prerel-windows-x86_64 | 0.1.3 | 5.00 | 94.00 | 99.00 | NOTE | |
r-patched-linux-x86_64 | 0.1.3 | 3.57 | 83.26 | 86.83 | NOTE | |
r-release-linux-x86_64 | 0.1.3 | 3.40 | 84.24 | 87.64 | NOTE | |
r-release-macos-arm64 | 0.1.3 | 42.00 | NOTE | |||
r-release-macos-x86_64 | 0.1.3 | 69.00 | NOTE | |||
r-release-windows-x86_64 | 0.1.3 | 5.00 | 112.00 | 117.00 | NOTE | |
r-oldrel-macos-arm64 | 0.1.3 | 35.00 | NOTE | |||
r-oldrel-windows-x86_64 | 0.1.3 | 6.00 | 112.00 | 118.00 | NOTE |
Version: 0.1.3
Check: LazyData
Result: NOTE
'LazyData' is specified without a 'data' directory
Flavors: r-devel-linux-x86_64-debian-clang, r-devel-linux-x86_64-debian-gcc, r-devel-linux-x86_64-fedora-clang, r-devel-linux-x86_64-fedora-gcc, r-prerel-macos-arm64, r-prerel-windows-x86_64, r-patched-linux-x86_64, r-release-linux-x86_64, r-release-macos-arm64, r-release-macos-x86_64, r-release-windows-x86_64, r-oldrel-macos-arm64, r-oldrel-windows-x86_64