Last updated on 2025-05-06 02:50:16 CEST.
Flavor | Version | Tinstall | Tcheck | Ttotal | Status | Flags |
---|---|---|---|---|---|---|
r-devel-linux-x86_64-debian-clang | 1.1.0 | 395.67 | 133.38 | 529.05 | OK | |
r-devel-linux-x86_64-debian-gcc | 1.1.0 | 333.49 | 115.23 | 448.72 | OK | |
r-devel-linux-x86_64-fedora-clang | 1.1.0 | 1036.87 | OK | |||
r-devel-linux-x86_64-fedora-gcc | 1.1.0 | 1161.83 | OK | |||
r-devel-windows-x86_64 | 1.1.0 | 387.00 | 184.00 | 571.00 | OK | |
r-patched-linux-x86_64 | 1.1.0 | 432.47 | 160.04 | 592.51 | OK | |
r-release-linux-x86_64 | 1.1.0 | 436.45 | 157.86 | 594.31 | OK | |
r-release-macos-arm64 | 1.1.0 | 192.00 | OK | |||
r-release-macos-x86_64 | 1.1.0 | 267.00 | OK | |||
r-release-windows-x86_64 | 1.1.0 | 409.00 | 180.00 | 589.00 | OK | |
r-oldrel-macos-arm64 | 1.1.0 | 209.00 | NOTE | |||
r-oldrel-macos-x86_64 | 1.1.0 | 268.00 | NOTE | |||
r-oldrel-windows-x86_64 | 1.1.0 | 466.00 | 220.00 | 686.00 | NOTE |
Version: 1.1.0
Check: installed package size
Result: NOTE
installed size is 51.6Mb
sub-directories of 1Mb or more:
data 2.8Mb
libs 47.8Mb
Flavors: r-oldrel-macos-arm64, r-oldrel-macos-x86_64, r-oldrel-windows-x86_64