Last updated on 2025-05-08 01:51:01 CEST.
Flavor | Version | Tinstall | Tcheck | Ttotal | Status | Flags |
---|---|---|---|---|---|---|
r-devel-linux-x86_64-debian-clang | 1.0.11 | 16.80 | 355.27 | 372.07 | NOTE | |
r-devel-linux-x86_64-debian-gcc | 1.0.11 | 10.02 | 234.89 | 244.91 | NOTE | |
r-devel-linux-x86_64-fedora-clang | 1.0.11 | 606.99 | OK | |||
r-devel-linux-x86_64-fedora-gcc | 1.0.11 | 595.48 | OK | |||
r-devel-windows-x86_64 | 1.0.11 | 20.00 | 264.00 | 284.00 | OK | |
r-patched-linux-x86_64 | 1.0.11 | 16.43 | 331.82 | 348.25 | NOTE | |
r-release-linux-x86_64 | 1.0.11 | 16.40 | 329.73 | 346.13 | NOTE | |
r-release-macos-arm64 | 1.0.11 | 147.00 | OK | |||
r-release-macos-x86_64 | 1.0.11 | 320.00 | OK | |||
r-release-windows-x86_64 | 1.0.11 | 23.00 | 260.00 | 283.00 | OK | |
r-oldrel-macos-arm64 | 1.0.11 | 147.00 | OK | |||
r-oldrel-macos-x86_64 | 1.0.11 | 260.00 | OK | |||
r-oldrel-windows-x86_64 | 1.0.11 | 27.00 | 352.00 | 379.00 | OK |
Version: 1.0.11
Check: for unstated dependencies in ‘demo’
Result: NOTE
'library' or 'require' call not declared from: ‘tidyverse’
Flavors: r-devel-linux-x86_64-debian-clang, r-devel-linux-x86_64-debian-gcc, r-patched-linux-x86_64, r-release-linux-x86_64