Last updated on 2022-05-25 02:52:17 CEST.
Flavor | Version | Tinstall | Tcheck | Ttotal | Status | Flags |
---|---|---|---|---|---|---|
r-devel-linux-x86_64-debian-clang | 1.0.1 | 14.21 | 235.92 | 250.13 | NOTE | |
r-devel-linux-x86_64-debian-gcc | 1.0.1 | 10.88 | 170.40 | 181.28 | NOTE | |
r-devel-linux-x86_64-fedora-clang | 1.0.1 | 309.42 | NOTE | |||
r-devel-linux-x86_64-fedora-gcc | 1.0.1 | 282.06 | NOTE | |||
r-devel-windows-x86_64 | 1.0.1 | 43.00 | 258.00 | 301.00 | OK | |
r-patched-linux-x86_64 | 1.0.1 | 12.72 | 220.60 | 233.32 | NOTE | |
r-release-linux-x86_64 | 1.0.1 | NOTE | ||||
r-release-macos-arm64 | 1.0.1 | 74.00 | OK | |||
r-release-macos-x86_64 | 1.0.1 | 136.00 | OK | |||
r-release-windows-x86_64 | 1.0.1 | 35.00 | 248.00 | 283.00 | OK | |
r-oldrel-macos-arm64 | 1.0.1 | 80.00 | OK | |||
r-oldrel-macos-x86_64 | 1.0.1 | 98.00 | OK | |||
r-oldrel-windows-ix86+x86_64 | 1.0.1 | 32.00 | 263.00 | 295.00 | OK |
Version: 1.0.1
Check: package dependencies
Result: NOTE
Package suggested but not available for checking: 'CPE'
Flavors: r-devel-linux-x86_64-debian-clang, r-devel-linux-x86_64-debian-gcc, r-devel-linux-x86_64-fedora-clang, r-devel-linux-x86_64-fedora-gcc, r-patched-linux-x86_64, r-release-linux-x86_64