Last updated on 2022-05-22 01:51:24 CEST.
Flavor | Version | Tinstall | Tcheck | Ttotal | Status | Flags |
---|---|---|---|---|---|---|
r-devel-linux-x86_64-debian-clang | 0.2.2 | 4.27 | 45.80 | 50.07 | OK | |
r-devel-linux-x86_64-debian-gcc | 0.2.2 | 3.20 | 35.81 | 39.01 | OK | |
r-devel-linux-x86_64-fedora-clang | 0.2.2 | 62.70 | OK | |||
r-devel-linux-x86_64-fedora-gcc | 0.2.2 | 61.62 | OK | |||
r-devel-windows-x86_64 | 0.2.2 | 18.00 | 68.00 | 86.00 | OK | |
r-patched-linux-x86_64 | 0.2.2 | 3.68 | 44.63 | 48.31 | OK | |
r-release-linux-x86_64 | 0.2.2 | 4.11 | 44.68 | 48.79 | OK | |
r-release-macos-arm64 | 0.2.2 | 6.00 | ERROR | |||
r-release-macos-x86_64 | 0.2.2 | 6.00 | ERROR | |||
r-release-windows-x86_64 | 0.2.2 | 19.00 | 67.00 | 86.00 | OK | |
r-oldrel-macos-arm64 | 0.2.2 | 7.00 | ERROR | |||
r-oldrel-macos-x86_64 | 0.2.2 | 8.00 | ERROR | |||
r-oldrel-windows-ix86+x86_64 | 0.2.2 | 7.00 | 57.00 | 64.00 | OK |
Version: 0.2.2
Check: package dependencies
Result: ERROR
Package required but not available: ‘Rmpi’
See section ‘The DESCRIPTION file’ in the ‘Writing R Extensions’
manual.
Flavors: r-release-macos-arm64, r-release-macos-x86_64, r-oldrel-macos-arm64, r-oldrel-macos-x86_64