CRAN Package Check Results for Package doSNOW

Last updated on 2020-04-07 15:48:26 CEST.

Flavor Version Tinstall Tcheck Ttotal Status Flags
r-devel-linux-x86_64-debian-clang 1.0.18 1.82 21.53 23.35 NOTE
r-devel-linux-x86_64-debian-gcc 1.0.18 1.89 17.16 19.05 NOTE
r-devel-linux-x86_64-fedora-clang 1.0.18 29.74 OK
r-devel-linux-x86_64-fedora-gcc 1.0.18 29.29 OK
r-devel-windows-ix86+x86_64 1.0.18 9.00 56.00 65.00 OK
r-devel-windows-ix86+x86_64-gcc8 1.0.18 5.00 37.00 42.00 OK
r-patched-linux-x86_64 1.0.18 2.06 21.03 23.09 NOTE
r-patched-solaris-x86 1.0.18 49.20 OK
r-release-linux-x86_64 1.0.18 2.06 19.60 21.66 NOTE
r-release-windows-ix86+x86_64 1.0.18 5.00 44.00 49.00 OK
r-release-osx-x86_64 1.0.18 OK
r-oldrel-windows-ix86+x86_64 1.0.18 5.00 40.00 45.00 OK
r-oldrel-osx-x86_64 1.0.18 OK

Check Details

Version: 1.0.18
Check: R code for possible problems
Result: NOTE
    Found the following calls to attach():
    File 'doSNOW/R/doSNOW.R':
     attach(exportEnv)
    See section 'Good practice' in '?attach'.
Flavors: r-devel-linux-x86_64-debian-clang, r-devel-linux-x86_64-debian-gcc, r-patched-linux-x86_64, r-release-linux-x86_64