Last updated on 2025-11-12 02:52:54 CET.
| Flavor | Version | Tinstall | Tcheck | Ttotal | Status | Flags |
|---|---|---|---|---|---|---|
| r-devel-linux-x86_64-debian-clang | 0.6.0 | 7.86 | 103.41 | 111.27 | NOTE | |
| r-devel-linux-x86_64-debian-gcc | 0.6.0 | 6.05 | 74.09 | 80.14 | NOTE | |
| r-devel-linux-x86_64-fedora-clang | 0.6.0 | 15.00 | 149.57 | 164.57 | OK | |
| r-devel-linux-x86_64-fedora-gcc | 0.6.0 | 20.00 | 152.74 | 172.74 | OK | |
| r-devel-windows-x86_64 | 0.6.0 | 9.00 | 108.00 | 117.00 | OK | |
| r-patched-linux-x86_64 | 0.6.0 | 6.59 | 97.27 | 103.86 | OK | |
| r-release-linux-x86_64 | 0.6.0 | 7.91 | 96.22 | 104.13 | OK | |
| r-release-macos-arm64 | 0.6.0 | 4.00 | 52.00 | 56.00 | OK | |
| r-release-macos-x86_64 | 0.6.0 | 9.00 | 98.00 | 107.00 | OK | |
| r-release-windows-x86_64 | 0.6.0 | 9.00 | 107.00 | 116.00 | OK | |
| r-oldrel-macos-arm64 | 0.6.0 | 4.00 | 45.00 | 49.00 | OK | |
| r-oldrel-macos-x86_64 | 0.6.0 | 6.00 | 70.00 | 76.00 | OK | |
| r-oldrel-windows-x86_64 | 0.6.0 | 12.00 | 135.00 | 147.00 | OK |
Version: 0.6.0
Check: CRAN incoming feasibility
Result: NOTE
Maintainer: ‘Mike Yeomans <mk.yeomans@gmail.com>’
No Authors@R field in DESCRIPTION.
Please add one, modifying
Authors@R: person(given = "Mike",
family = "Yeomans",
role = c("aut", "cre"),
email = "mk.yeomans@gmail.com")
as necessary.
Flavors: r-devel-linux-x86_64-debian-clang, r-devel-linux-x86_64-debian-gcc