CRAN Package Check Results for Package dodgr

Last updated on 2022-01-20 01:50:34 CET.

Flavor Version Tinstall Tcheck Ttotal Status Flags
r-devel-linux-x86_64-debian-clang 0.2.12 NOTE
r-devel-linux-x86_64-debian-gcc 0.2.12 129.77 220.76 350.53 NOTE
r-devel-linux-x86_64-fedora-clang 0.2.12 602.99 NOTE
r-devel-linux-x86_64-fedora-gcc 0.2.12 564.36 NOTE
r-devel-windows-x86_64-new-UL 0.2.12 210.00 336.00 546.00 NOTE
r-devel-windows-x86_64-new-TK 0.2.12 NOTE
r-patched-linux-x86_64 0.2.12 149.14 266.42 415.56 NOTE
r-release-linux-x86_64 0.2.12 NOTE
r-release-macos-arm64 0.2.12 NOTE
r-release-macos-x86_64 0.2.12 NOTE
r-release-windows-ix86+x86_64 0.2.12 391.00 447.00 838.00 NOTE
r-oldrel-macos-x86_64 0.2.12 NOTE
r-oldrel-windows-ix86+x86_64 0.2.12 392.00 447.00 839.00 NOTE

Check Details

Version: 0.2.12
Check: for GNU extensions in Makefiles
Result: NOTE
    GNU make is a SystemRequirements.
Flavors: r-devel-linux-x86_64-debian-clang, r-devel-linux-x86_64-debian-gcc, r-devel-linux-x86_64-fedora-clang, r-devel-linux-x86_64-fedora-gcc, r-devel-windows-x86_64-new-UL, r-devel-windows-x86_64-new-TK, r-patched-linux-x86_64, r-release-linux-x86_64, r-release-macos-arm64, r-release-macos-x86_64, r-release-windows-ix86+x86_64, r-oldrel-macos-x86_64, r-oldrel-windows-ix86+x86_64

Version: 0.2.12
Check: installed package size
Result: NOTE
     installed size is 16.9Mb
     sub-directories of 1Mb or more:
     doc 6.1Mb
     libs 10.3Mb
Flavors: r-devel-linux-x86_64-fedora-clang, r-devel-windows-x86_64-new-UL, r-release-macos-arm64, r-release-macos-x86_64, r-release-windows-ix86+x86_64, r-oldrel-macos-x86_64, r-oldrel-windows-ix86+x86_64