Last updated on 2022-07-01 01:49:30 CEST.
Flavor | Version | Tinstall | Tcheck | Ttotal | Status | Flags |
---|---|---|---|---|---|---|
r-devel-linux-x86_64-debian-clang | 0.3.1 | 3.32 | 42.29 | 45.61 | OK | |
r-devel-linux-x86_64-debian-gcc | 0.3.1 | 1.75 | 32.60 | 34.35 | OK | |
r-devel-linux-x86_64-fedora-clang | 0.3.1 | 65.47 | NOTE | |||
r-devel-linux-x86_64-fedora-gcc | 0.3.1 | 64.51 | OK | |||
r-devel-windows-x86_64 | 0.3.1 | 48.00 | 80.00 | 128.00 | NOTE | |
r-patched-linux-x86_64 | 0.3.1 | 3.34 | 40.85 | 44.19 | OK | |
r-release-linux-x86_64 | 0.3.1 | 2.95 | 40.55 | 43.50 | OK | |
r-release-macos-arm64 | 0.3.1 | 24.00 | NOTE | |||
r-release-macos-x86_64 | 0.3.1 | 41.00 | NOTE | |||
r-release-windows-x86_64 | 0.3.1 | 44.00 | 82.00 | 126.00 | NOTE | |
r-oldrel-macos-arm64 | 0.3.1 | 24.00 | NOTE | |||
r-oldrel-macos-x86_64 | 0.3.1 | 38.00 | NOTE | |||
r-oldrel-windows-ix86+x86_64 | 0.3.1 | 9.00 | 71.00 | 80.00 | NOTE |
Version: 0.3.1
Check: installed package size
Result: NOTE
installed size is 5.3Mb
sub-directories of 1Mb or more:
assets 2.9Mb
doc 2.1Mb
Flavors: r-devel-linux-x86_64-fedora-clang, r-devel-windows-x86_64, r-release-macos-arm64, r-release-macos-x86_64, r-release-windows-x86_64, r-oldrel-macos-arm64, r-oldrel-macos-x86_64, r-oldrel-windows-ix86+x86_64