Last updated on 2025-05-01 01:49:29 CEST.
Flavor | Version | Tinstall | Tcheck | Ttotal | Status | Flags |
---|---|---|---|---|---|---|
r-devel-linux-x86_64-debian-clang | 1.7.8 | 32.50 | 215.11 | 247.61 | NOTE | |
r-devel-linux-x86_64-debian-gcc | 1.7.8 | 19.13 | 141.43 | 160.56 | OK | |
r-devel-linux-x86_64-fedora-clang | 1.7.8 | 379.45 | OK | |||
r-devel-linux-x86_64-fedora-gcc | 1.7.8 | 365.60 | OK | |||
r-devel-windows-x86_64 | 1.7.8 | 37.00 | 232.00 | 269.00 | OK | |
r-patched-linux-x86_64 | 1.7.8 | 32.90 | 201.93 | 234.83 | OK | |
r-release-linux-x86_64 | 1.7.8 | 29.61 | 201.08 | 230.69 | OK | |
r-release-macos-arm64 | 1.7.8 | 108.00 | OK | |||
r-release-macos-x86_64 | 1.7.8 | 218.00 | OK | |||
r-release-windows-x86_64 | 1.7.8 | 38.00 | 229.00 | 267.00 | OK | |
r-oldrel-macos-arm64 | 1.7.8 | 105.00 | OK | |||
r-oldrel-macos-x86_64 | 1.7.8 | 213.00 | OK | |||
r-oldrel-windows-x86_64 | 1.7.8 | 44.00 | 297.00 | 341.00 | OK |
Version: 1.7.8
Check: examples
Result: NOTE
Examples with CPU (user + system) or elapsed time > 5s
user system elapsed
chron.ars 4.705 0.097 6.026
Flavor: r-devel-linux-x86_64-debian-clang