Last updated on 2022-05-17 02:53:08 CEST.
Flavor | Version | Tinstall | Tcheck | Ttotal | Status | Flags |
---|---|---|---|---|---|---|
r-devel-linux-x86_64-debian-clang | 0.4.1 | 8.41 | 87.93 | 96.34 | NOTE | |
r-devel-linux-x86_64-debian-gcc | 0.4.1 | 6.48 | 63.60 | 70.08 | NOTE | |
r-devel-linux-x86_64-fedora-clang | 0.4.1 | 114.56 | NOTE | |||
r-devel-linux-x86_64-fedora-gcc | 0.4.1 | 105.22 | NOTE | |||
r-devel-windows-x86_64 | 0.4.1 | 62.00 | 96.00 | 158.00 | NOTE | |
r-patched-linux-x86_64 | 0.4.1 | 13.72 | 81.06 | 94.78 | NOTE | |
r-release-linux-x86_64 | 0.4.1 | 9.50 | 79.36 | 88.86 | NOTE | |
r-release-macos-arm64 | 0.4.1 | 34.00 | NOTE | |||
r-release-macos-x86_64 | 0.4.1 | 60.00 | NOTE | |||
r-release-windows-x86_64 | 0.4.1 | 75.00 | 95.00 | 170.00 | NOTE | |
r-oldrel-macos-arm64 | 0.4.1 | 39.00 | NOTE | |||
r-oldrel-macos-x86_64 | 0.4.1 | 52.00 | NOTE | |||
r-oldrel-windows-ix86+x86_64 | 0.4.1 | 21.00 | 96.00 | 117.00 | NOTE |
Version: 0.4.1
Check: LazyData
Result: NOTE
'LazyData' is specified without a 'data' directory
Flavors: r-devel-linux-x86_64-debian-clang, r-devel-linux-x86_64-debian-gcc, r-devel-linux-x86_64-fedora-clang, r-devel-linux-x86_64-fedora-gcc, r-devel-windows-x86_64, r-patched-linux-x86_64, r-release-linux-x86_64, r-release-macos-arm64, r-release-macos-x86_64, r-release-windows-x86_64, r-oldrel-macos-arm64, r-oldrel-macos-x86_64, r-oldrel-windows-ix86+x86_64