Last updated on 2024-08-16 01:48:16 CEST.
Flavor | Version | Tinstall | Tcheck | Ttotal | Status | Flags |
---|---|---|---|---|---|---|
r-devel-linux-x86_64-debian-clang | 0.1.0 | 5.18 | 43.43 | 48.61 | NOTE | |
r-devel-linux-x86_64-debian-gcc | 0.1.0 | 3.88 | 32.71 | 36.59 | NOTE | |
r-devel-linux-x86_64-fedora-clang | 0.1.0 | 77.49 | NOTE | |||
r-devel-linux-x86_64-fedora-gcc | 0.1.0 | 86.27 | NOTE | |||
r-devel-windows-x86_64 | 0.1.0 | 7.00 | 63.00 | 70.00 | NOTE | |
r-patched-linux-x86_64 | 0.1.0 | 4.98 | 40.59 | 45.57 | NOTE | |
r-release-linux-x86_64 | 0.1.0 | 5.37 | 41.04 | 46.41 | NOTE | |
r-release-macos-arm64 | 0.1.0 | 33.00 | NOTE | |||
r-release-macos-x86_64 | 0.1.0 | 50.00 | NOTE | |||
r-release-windows-x86_64 | 0.1.0 | 8.00 | 63.00 | 71.00 | NOTE | |
r-oldrel-macos-arm64 | 0.1.0 | 36.00 | NOTE | |||
r-oldrel-macos-x86_64 | 0.1.0 | 63.00 | NOTE | |||
r-oldrel-windows-x86_64 | 0.1.0 | 9.00 | 70.00 | 79.00 | NOTE |
Version: 0.1.0
Check: LazyData
Result: NOTE
'LazyData' is specified without a 'data' directory
Flavors: r-devel-linux-x86_64-debian-clang, r-devel-linux-x86_64-debian-gcc, r-devel-linux-x86_64-fedora-clang, r-devel-linux-x86_64-fedora-gcc, r-devel-windows-x86_64, r-patched-linux-x86_64, r-release-linux-x86_64, r-release-macos-arm64, r-release-macos-x86_64, r-release-windows-x86_64, r-oldrel-macos-arm64, r-oldrel-macos-x86_64, r-oldrel-windows-x86_64
Version: 0.1.0
Check: dependencies in R code
Result: NOTE
Namespaces in Imports field not imported from:
‘tidyr’ ‘tidyverse’
All declared Imports should be used.
Flavors: r-devel-linux-x86_64-fedora-clang, r-devel-linux-x86_64-fedora-gcc