CRAN Package Check Results for Package dragon

Last updated on 2020-06-06 11:51:39 CEST.

Flavor Version Tinstall Tcheck Ttotal Status Flags
r-devel-linux-x86_64-debian-clang 0.2.1 2.64 19.72 22.36 OK
r-devel-linux-x86_64-debian-gcc 0.2.1 2.12 15.85 17.97 OK
r-devel-linux-x86_64-fedora-clang 0.2.1 36.92 NOTE
r-devel-linux-x86_64-fedora-gcc 0.2.1 27.13 NOTE
r-devel-windows-ix86+x86_64 0.2.1 13.00 49.00 62.00 OK
r-patched-linux-x86_64 0.2.1 2.38 19.88 22.26 OK
r-patched-solaris-x86 0.2.1 42.30 NOTE
r-release-linux-x86_64 0.2.1 2.71 19.74 22.45 OK
r-release-osx-x86_64 0.2.1 NOTE
r-release-windows-ix86+x86_64 0.2.1 13.00 58.00 71.00 OK
r-oldrel-osx-x86_64 0.2.1 NOTE
r-oldrel-windows-ix86+x86_64 0.2.1 10.00 47.00 57.00 OK

Check Details

Version: 0.2.1
Check: dependencies in R code
Result: NOTE
    Namespaces in Imports field not imported from:
     ‘DT’ ‘RColorBrewer’ ‘broom’ ‘colorspace’ ‘colourpicker’ ‘cowplot’
     ‘igraph’ ‘magrittr’ ‘shinyBS’ ‘shinyWidgets’ ‘shinydashboard’
     ‘shinythemes’ ‘tidyverse’ ‘visNetwork’
     All declared Imports should be used.
Flavors: r-devel-linux-x86_64-fedora-clang, r-devel-linux-x86_64-fedora-gcc, r-patched-solaris-x86, r-release-osx-x86_64, r-oldrel-osx-x86_64