Last updated on 2024-04-19 01:58:40 CEST.
Flavor | Version | Tinstall | Tcheck | Ttotal | Status | Flags |
---|---|---|---|---|---|---|
r-devel-linux-x86_64-debian-clang | 0.4.1 | 13.60 | 192.80 | 206.40 | OK | |
r-devel-linux-x86_64-debian-gcc | 0.4.1 | 11.81 | 145.52 | 157.33 | OK | |
r-devel-linux-x86_64-fedora-clang | 0.4.1 | 259.61 | NOTE | |||
r-devel-linux-x86_64-fedora-gcc | 0.4.1 | 278.62 | OK | |||
r-prerel-macos-arm64 | 0.4.1 | 6.00 | ERROR | |||
r-prerel-macos-x86_64 | 0.4.1 | 7.00 | ERROR | |||
r-prerel-windows-x86_64 | 0.4.1 | 14.00 | 150.00 | 164.00 | NOTE | |
r-patched-linux-x86_64 | 0.4.1 | 9.35 | 186.30 | 195.65 | OK | |
r-release-linux-x86_64 | 0.4.1 | 11.72 | 189.19 | 200.91 | OK | |
r-release-macos-arm64 | 0.4.1 | 93.00 | NOTE | |||
r-release-macos-x86_64 | 0.4.1 | 6.00 | ERROR | |||
r-release-windows-x86_64 | 0.4.1 | 17.00 | 193.00 | 210.00 | NOTE | |
r-oldrel-macos-arm64 | 0.4.1 | 10.00 | ERROR | |||
r-oldrel-windows-x86_64 | 0.4.1 | 18.00 | 181.00 | 199.00 | NOTE |
Version: 0.4.1
Check: installed package size
Result: NOTE
installed size is 5.4Mb
sub-directories of 1Mb or more:
data 1.6Mb
extdata 3.2Mb
Flavors: r-devel-linux-x86_64-fedora-clang, r-prerel-windows-x86_64, r-release-macos-arm64, r-release-windows-x86_64, r-oldrel-windows-x86_64
Version: 0.4.1
Check: package dependencies
Result: ERROR
Packages required but not available:
'TxDb.Hsapiens.UCSC.hg19.knownGene',
'TxDb.Hsapiens.UCSC.hg38.knownGene'
See section ‘The DESCRIPTION file’ in the ‘Writing R Extensions’
manual.
Flavors: r-prerel-macos-arm64, r-prerel-macos-x86_64
Version: 0.4.1
Check: package dependencies
Result: ERROR
Package required but not available: ‘TxDb.Hsapiens.UCSC.hg38.knownGene’
See section ‘The DESCRIPTION file’ in the ‘Writing R Extensions’
manual.
Flavors: r-release-macos-x86_64, r-oldrel-macos-arm64