Last updated on 2024-08-16 01:48:16 CEST.
Flavor | Version | Tinstall | Tcheck | Ttotal | Status | Flags |
---|---|---|---|---|---|---|
r-devel-linux-x86_64-debian-clang | 0.0.4 | 12.24 | 108.00 | 120.24 | OK | |
r-devel-linux-x86_64-debian-gcc | 0.0.4 | 9.07 | 78.88 | 87.95 | OK | |
r-devel-linux-x86_64-fedora-clang | 0.0.4 | 186.79 | NOTE | |||
r-devel-linux-x86_64-fedora-gcc | 0.0.4 | 188.75 | OK | |||
r-devel-windows-x86_64 | 0.0.4 | 11.00 | 120.00 | 131.00 | OK | |
r-patched-linux-x86_64 | 0.0.4 | 11.36 | 100.77 | 112.13 | OK | |
r-release-linux-x86_64 | 0.0.4 | 10.01 | 101.61 | 111.62 | OK | |
r-release-macos-arm64 | 0.0.4 | 64.00 | OK | |||
r-release-macos-x86_64 | 0.0.4 | 92.00 | OK | |||
r-release-windows-x86_64 | 0.0.4 | 13.00 | 118.00 | 131.00 | OK | |
r-oldrel-macos-arm64 | 0.0.4 | 62.00 | OK | |||
r-oldrel-macos-x86_64 | 0.0.4 | 105.00 | OK | |||
r-oldrel-windows-x86_64 | 0.0.4 | 16.00 | 146.00 | 162.00 | OK |
Version: 0.0.4
Check: Rd cross-references
Result: NOTE
Undeclared package ‘data.table’ in Rd xrefs
Flavor: r-devel-linux-x86_64-fedora-clang