Last updated on 2023-05-28 01:53:55 CEST.
Flavor | Version | Tinstall | Tcheck | Ttotal | Status | Flags |
---|---|---|---|---|---|---|
r-devel-linux-x86_64-debian-clang | 1.8.0 | 35.36 | 84.83 | 120.19 | NOTE | |
r-devel-linux-x86_64-debian-gcc | 1.8.0 | 29.50 | 63.97 | 93.47 | NOTE | |
r-devel-linux-x86_64-fedora-clang | 1.8.0 | 161.89 | NOTE | |||
r-devel-linux-x86_64-fedora-gcc | 1.8.0 | 165.88 | NOTE | |||
r-devel-windows-x86_64 | 1.8.0 | 35.00 | 111.00 | 146.00 | NOTE | |
r-patched-linux-x86_64 | 1.8.0 | 31.75 | 79.00 | 110.75 | NOTE | |
r-release-linux-x86_64 | 1.8.0 | 33.27 | 78.86 | 112.13 | NOTE | |
r-release-macos-arm64 | 1.8.0 | 56.00 | NOTE | |||
r-release-macos-x86_64 | 1.8.0 | 85.00 | NOTE | |||
r-release-windows-x86_64 | 1.8.0 | 39.00 | 129.00 | 168.00 | NOTE | |
r-oldrel-macos-arm64 | 1.8.0 | 49.00 | OK | |||
r-oldrel-macos-x86_64 | 1.8.0 | 69.00 | OK | |||
r-oldrel-windows-x86_64 | 1.8.0 | 38.00 | 123.00 | 161.00 | OK |
Version: 1.8.0
Check: C++ specification
Result: NOTE
Specified C++11: please drop specification unless essential
Flavors: r-devel-linux-x86_64-debian-clang, r-devel-linux-x86_64-debian-gcc, r-devel-linux-x86_64-fedora-clang, r-devel-linux-x86_64-fedora-gcc, r-devel-windows-x86_64, r-patched-linux-x86_64, r-release-linux-x86_64, r-release-macos-arm64, r-release-macos-x86_64, r-release-windows-x86_64