Last updated on 2024-05-07 01:53:10 CEST.
Flavor | Version | Tinstall | Tcheck | Ttotal | Status | Flags |
---|---|---|---|---|---|---|
r-devel-linux-x86_64-debian-clang | 1.5.4 | 45.40 | 128.55 | 173.95 | NOTE | |
r-devel-linux-x86_64-debian-gcc | 1.5.4 | 32.24 | 90.52 | 122.76 | NOTE | |
r-devel-linux-x86_64-fedora-clang | 1.5.4 | 220.38 | NOTE | |||
r-devel-linux-x86_64-fedora-gcc | 1.5.4 | 251.94 | NOTE | |||
r-devel-windows-x86_64 | 1.5.4 | 43.00 | 107.00 | 150.00 | NOTE | |
r-patched-linux-x86_64 | 1.5.4 | 37.80 | 117.39 | 155.19 | NOTE | |
r-release-linux-x86_64 | 1.5.4 | 36.42 | 120.95 | 157.37 | NOTE | |
r-release-macos-arm64 | 1.5.4 | 55.00 | NOTE | |||
r-release-windows-x86_64 | 1.5.4 | 44.00 | 108.00 | 152.00 | NOTE | |
r-oldrel-macos-arm64 | 1.5.4 | 64.00 | OK | |||
r-oldrel-macos-x86_64 | 1.5.4 | 104.00 | OK | |||
r-oldrel-windows-x86_64 | 1.5.4 | 49.00 | 150.00 | 199.00 | OK |
Version: 1.5.4
Check: Rd files
Result: NOTE
checkRd: (-1) extract-methods.Rd:105: Lost braces
105 | argument \code{what}. For code{"["} the cutted object.
| ^
Flavors: r-devel-linux-x86_64-debian-clang, r-devel-linux-x86_64-debian-gcc, r-devel-linux-x86_64-fedora-clang, r-devel-linux-x86_64-fedora-gcc, r-devel-windows-x86_64, r-patched-linux-x86_64, r-release-linux-x86_64, r-release-macos-arm64, r-release-windows-x86_64