Last updated on 2024-04-18 01:55:12 CEST.
Flavor | Version | Tinstall | Tcheck | Ttotal | Status | Flags |
---|---|---|---|---|---|---|
r-devel-linux-x86_64-debian-clang | 0.1.1 | 3.47 | 66.92 | 70.39 | NOTE | |
r-devel-linux-x86_64-debian-gcc | 0.1.1 | 2.44 | 50.11 | 52.55 | NOTE | |
r-devel-linux-x86_64-fedora-clang | 0.1.1 | 87.85 | NOTE | |||
r-devel-linux-x86_64-fedora-gcc | 0.1.1 | 101.06 | NOTE | |||
r-prerel-macos-arm64 | 0.1.1 | 36.00 | NOTE | |||
r-prerel-windows-x86_64 | 0.1.1 | 4.00 | 106.00 | 110.00 | NOTE | |
r-patched-linux-x86_64 | 0.1.1 | 3.28 | 66.27 | 69.55 | NOTE | |
r-release-linux-x86_64 | 0.1.1 | 2.06 | 64.90 | 66.96 | NOTE | |
r-release-macos-arm64 | 0.1.1 | 37.00 | NOTE | |||
r-release-macos-x86_64 | 0.1.1 | 58.00 | NOTE | |||
r-release-windows-x86_64 | 0.1.1 | 4.00 | 113.00 | 117.00 | NOTE | |
r-oldrel-macos-arm64 | 0.1.1 | 33.00 | NOTE | |||
r-oldrel-windows-x86_64 | 0.1.1 | 4.00 | 114.00 | 118.00 | NOTE |
Version: 0.1.1
Check: Rd files
Result: NOTE
checkRd: (-1) applied_crm.Rd:64: Lost braces; missing escapes or markup?
64 | The empiric model is specified as F(d, beta) = d^{exp(beta)}. The logistic model is
| ^
Flavors: r-devel-linux-x86_64-debian-clang, r-devel-linux-x86_64-debian-gcc, r-devel-linux-x86_64-fedora-clang, r-devel-linux-x86_64-fedora-gcc, r-prerel-macos-arm64, r-prerel-windows-x86_64, r-patched-linux-x86_64
Version: 0.1.1
Check: LazyData
Result: NOTE
'LazyData' is specified without a 'data' directory
Flavors: r-devel-linux-x86_64-debian-clang, r-devel-linux-x86_64-debian-gcc, r-devel-linux-x86_64-fedora-clang, r-devel-linux-x86_64-fedora-gcc, r-prerel-macos-arm64, r-prerel-windows-x86_64, r-patched-linux-x86_64, r-release-linux-x86_64, r-release-macos-arm64, r-release-macos-x86_64, r-release-windows-x86_64, r-oldrel-macos-arm64, r-oldrel-windows-x86_64