CRAN Package Check Results for Package duckdb

Last updated on 2022-05-23 01:50:07 CEST.

Flavor Version Tinstall Tcheck Ttotal Status Flags
r-devel-linux-x86_64-debian-clang 0.3.2-2 2004.69 63.88 2068.57 OK
r-devel-linux-x86_64-debian-gcc 0.3.2-2 1427.85 49.60 1477.45 OK
r-devel-linux-x86_64-fedora-clang 0.3.2-2 3016.63 NOTE
r-devel-linux-x86_64-fedora-gcc 0.3.2-2 2596.67 OK
r-devel-windows-x86_64 0.3.2-2 3027.00 293.00 3320.00 NOTE
r-patched-linux-x86_64 0.3.2-2 1520.40 60.41 1580.81 OK
r-release-linux-x86_64 0.3.2-2 1510.29 60.55 1570.84 OK
r-release-macos-arm64 0.3.2-2 569.00 NOTE
r-release-macos-x86_64 0.3.2-2 722.00 NOTE
r-release-windows-x86_64 0.3.2-2 3153.00 291.00 3444.00 NOTE
r-oldrel-macos-arm64 0.3.2-2 551.00 NOTE
r-oldrel-macos-x86_64 0.3.2-2 639.00 NOTE
r-oldrel-windows-ix86+x86_64 0.3.2-2 3322.00 232.00 3554.00 NOTE

Check Details

Version: 0.3.2-2
Check: installed package size
Result: NOTE
     installed size is 159.5Mb
     sub-directories of 1Mb or more:
     libs 158.9Mb
Flavors: r-devel-linux-x86_64-fedora-clang, r-devel-windows-x86_64, r-release-macos-arm64, r-release-macos-x86_64, r-release-windows-x86_64, r-oldrel-macos-arm64, r-oldrel-macos-x86_64, r-oldrel-windows-ix86+x86_64