Last updated on 2024-04-18 01:55:12 CEST.
Flavor | Version | Tinstall | Tcheck | Ttotal | Status | Flags |
---|---|---|---|---|---|---|
r-devel-linux-x86_64-debian-clang | 0.1 | 7.40 | 77.65 | 85.05 | NOTE | |
r-devel-linux-x86_64-debian-gcc | 0.1 | 5.50 | 58.54 | 64.04 | NOTE | |
r-devel-linux-x86_64-fedora-clang | 0.1 | 108.40 | NOTE | |||
r-devel-linux-x86_64-fedora-gcc | 0.1 | 114.00 | NOTE | |||
r-prerel-macos-arm64 | 0.1 | 37.00 | NOTE | |||
r-prerel-windows-x86_64 | 0.1 | 8.00 | 73.00 | 81.00 | NOTE | |
r-patched-linux-x86_64 | 0.1 | 5.44 | 74.94 | 80.38 | NOTE | |
r-release-linux-x86_64 | 0.1 | 6.77 | 71.28 | 78.05 | NOTE | |
r-release-macos-arm64 | 0.1 | 38.00 | NOTE | |||
r-release-macos-x86_64 | 0.1 | 56.00 | NOTE | |||
r-release-windows-x86_64 | 0.1 | 10.00 | 80.00 | 90.00 | NOTE | |
r-oldrel-macos-arm64 | 0.1 | 38.00 | NOTE | |||
r-oldrel-windows-x86_64 | 0.1 | 11.00 | 90.00 | 101.00 | NOTE |
Version: 0.1
Check: LazyData
Result: NOTE
'LazyData' is specified without a 'data' directory
Flavors: r-devel-linux-x86_64-debian-clang, r-devel-linux-x86_64-debian-gcc, r-devel-linux-x86_64-fedora-clang, r-devel-linux-x86_64-fedora-gcc, r-prerel-macos-arm64, r-prerel-windows-x86_64, r-patched-linux-x86_64, r-release-linux-x86_64, r-release-macos-arm64, r-release-macos-x86_64, r-release-windows-x86_64, r-oldrel-macos-arm64, r-oldrel-windows-x86_64