Last updated on 2022-05-16 02:51:01 CEST.
Flavor | Version | Tinstall | Tcheck | Ttotal | Status | Flags |
---|---|---|---|---|---|---|
r-devel-linux-x86_64-debian-clang | 0.1 | 12.44 | 107.15 | 119.59 | NOTE | |
r-devel-linux-x86_64-debian-gcc | 0.1 | 8.74 | 80.36 | 89.10 | NOTE | |
r-devel-linux-x86_64-fedora-clang | 0.1 | 135.01 | NOTE | |||
r-devel-linux-x86_64-fedora-gcc | 0.1 | 132.92 | NOTE | |||
r-devel-windows-x86_64 | 0.1 | 13.00 | 133.00 | 146.00 | NOTE | |
r-patched-linux-x86_64 | 0.1 | 8.34 | 101.02 | 109.36 | NOTE | |
r-release-linux-x86_64 | 0.1 | 10.23 | 99.77 | 110.00 | NOTE | |
r-release-macos-arm64 | 0.1 | 38.00 | NOTE | |||
r-release-macos-x86_64 | 0.1 | 74.00 | NOTE | |||
r-release-windows-x86_64 | 0.1 | 21.00 | 127.00 | 148.00 | NOTE | |
r-oldrel-macos-arm64 | 0.1 | 56.00 | NOTE | |||
r-oldrel-macos-x86_64 | 0.1 | 82.00 | NOTE | |||
r-oldrel-windows-ix86+x86_64 | 0.1 | 29.00 | 115.00 | 144.00 | NOTE |
Version: 0.1
Check: LazyData
Result: NOTE
'LazyData' is specified without a 'data' directory
Flavors: r-devel-linux-x86_64-debian-clang, r-devel-linux-x86_64-debian-gcc, r-devel-linux-x86_64-fedora-clang, r-devel-linux-x86_64-fedora-gcc, r-devel-windows-x86_64, r-patched-linux-x86_64, r-release-linux-x86_64, r-release-macos-arm64, r-release-macos-x86_64, r-release-windows-x86_64, r-oldrel-macos-arm64, r-oldrel-macos-x86_64, r-oldrel-windows-ix86+x86_64