Last updated on 2025-05-24 01:51:19 CEST.
Flavor | Version | Tinstall | Tcheck | Ttotal | Status | Flags |
---|---|---|---|---|---|---|
r-devel-linux-x86_64-debian-clang | 1.1.6 | 4.60 | 31.76 | 36.36 | OK | |
r-devel-linux-x86_64-debian-gcc | 1.1.6 | 3.77 | 25.51 | 29.28 | OK | |
r-devel-linux-x86_64-fedora-clang | 1.1.6 | 64.47 | ERROR | |||
r-devel-linux-x86_64-fedora-gcc | 1.1.6 | 64.11 | ERROR | |||
r-devel-windows-x86_64 | 1.1.6 | 6.00 | 154.00 | 160.00 | OK | |
r-patched-linux-x86_64 | 1.1.6 | 4.86 | 30.77 | 35.63 | OK | |
r-release-linux-x86_64 | 1.1.6 | 4.60 | 30.34 | 34.94 | OK | |
r-release-macos-arm64 | 1.1.6 | 44.00 | OK | |||
r-release-macos-x86_64 | 1.1.6 | 50.00 | OK | |||
r-release-windows-x86_64 | 1.1.6 | 5.00 | 124.00 | 129.00 | OK | |
r-oldrel-macos-arm64 | 1.1.6 | 31.00 | OK | |||
r-oldrel-macos-x86_64 | 1.1.6 | 42.00 | OK | |||
r-oldrel-windows-x86_64 | 1.1.6 | 5.00 | 59.00 | 64.00 | OK |
Version: 1.1.6
Check: examples
Result: ERROR
Running examples in ‘dynBiplotGUI-Ex.R’ failed
The error most likely occurred in:
> ### Name: dynBiplot
> ### Title: Dynamic Biplot
> ### Aliases: dynBiplot
>
> ### ** Examples
>
> dynBiplot("en")
Warning in tclRequire("tooltip") : Tcl package 'tooltip' not found
Error in tk2tip(w, tip) : cannot find tcl package 'tooltip'
Calls: dynBiplot -> panel1 -> tk2button -> tk2tip
Execution halted
Flavors: r-devel-linux-x86_64-fedora-clang, r-devel-linux-x86_64-fedora-gcc