Last updated on 2024-04-19 01:58:40 CEST.
Flavor | Version | Tinstall | Tcheck | Ttotal | Status | Flags |
---|---|---|---|---|---|---|
r-devel-linux-x86_64-debian-clang | 1.0.2 | 12.22 | 105.82 | 118.04 | NOTE | |
r-devel-linux-x86_64-debian-gcc | 1.0.2 | 9.25 | 77.01 | 86.26 | NOTE | |
r-devel-linux-x86_64-fedora-clang | 1.0.2 | 145.57 | NOTE | |||
r-devel-linux-x86_64-fedora-gcc | 1.0.2 | 135.73 | NOTE | |||
r-prerel-macos-arm64 | 1.0.2 | 44.00 | NOTE | |||
r-prerel-windows-x86_64 | 1.0.2 | 10.00 | 90.00 | 100.00 | NOTE | |
r-patched-linux-x86_64 | 1.0.2 | 10.77 | 96.96 | 107.73 | NOTE | |
r-release-linux-x86_64 | 1.0.2 | 11.16 | 100.04 | 111.20 | NOTE | |
r-release-macos-arm64 | 1.0.2 | 46.00 | NOTE | |||
r-release-macos-x86_64 | 1.0.2 | 76.00 | NOTE | |||
r-release-windows-x86_64 | 1.0.2 | 13.00 | 110.00 | 123.00 | NOTE | |
r-oldrel-macos-arm64 | 1.0.2 | 43.00 | NOTE | |||
r-oldrel-windows-x86_64 | 1.0.2 | 14.00 | 111.00 | 125.00 | NOTE |
Version: 1.0.2
Check: LazyData
Result: NOTE
'LazyData' is specified without a 'data' directory
Flavors: r-devel-linux-x86_64-debian-clang, r-devel-linux-x86_64-debian-gcc, r-devel-linux-x86_64-fedora-clang, r-devel-linux-x86_64-fedora-gcc, r-prerel-macos-arm64, r-prerel-windows-x86_64, r-patched-linux-x86_64, r-release-linux-x86_64, r-release-macos-arm64, r-release-macos-x86_64, r-release-windows-x86_64, r-oldrel-macos-arm64, r-oldrel-windows-x86_64