Last updated on 2024-04-19 01:58:40 CEST.
Flavor | Version | Tinstall | Tcheck | Ttotal | Status | Flags |
---|---|---|---|---|---|---|
r-devel-linux-x86_64-debian-clang | 0.1.16-105 | 45.12 | 263.81 | 308.93 | OK | |
r-devel-linux-x86_64-debian-gcc | 0.1.16-105 | 33.38 | 195.14 | 228.52 | OK | |
r-devel-linux-x86_64-fedora-clang | 0.1.16-105 | 381.76 | NOTE | |||
r-devel-linux-x86_64-fedora-gcc | 0.1.16-105 | 375.96 | OK | |||
r-prerel-macos-arm64 | 0.1.16-105 | 129.00 | NOTE | |||
r-prerel-windows-x86_64 | 0.1.16-105 | 58.00 | 232.00 | 290.00 | NOTE | |
r-patched-linux-x86_64 | 0.1.16-105 | 42.49 | 244.23 | 286.72 | OK | |
r-release-linux-x86_64 | 0.1.16-105 | 30.38 | 252.62 | 283.00 | OK | |
r-release-macos-arm64 | 0.1.16-105 | 98.00 | NOTE | |||
r-release-macos-x86_64 | 0.1.16-105 | 184.00 | NOTE | |||
r-release-windows-x86_64 | 0.1.16-105 | 69.00 | 259.00 | 328.00 | NOTE | |
r-oldrel-macos-arm64 | 0.1.16-105 | 96.00 | NOTE | |||
r-oldrel-windows-x86_64 | 0.1.16-105 | 58.00 | 254.00 | 312.00 | NOTE |
Version: 0.1.16-105
Check: installed package size
Result: NOTE
installed size is 5.3Mb
sub-directories of 1Mb or more:
data 2.5Mb
doc 1.4Mb
Flavors: r-devel-linux-x86_64-fedora-clang, r-prerel-macos-arm64, r-prerel-windows-x86_64, r-release-macos-arm64, r-release-macos-x86_64, r-release-windows-x86_64, r-oldrel-macos-arm64, r-oldrel-windows-x86_64