Last updated on 2022-06-30 01:49:07 CEST.
Flavor | Version | Tinstall | Tcheck | Ttotal | Status | Flags |
---|---|---|---|---|---|---|
r-devel-linux-x86_64-debian-clang | 0.4-3 | 48.68 | 109.47 | 158.15 | OK | |
r-devel-linux-x86_64-debian-gcc | 0.4-3 | 32.03 | 80.86 | 112.89 | OK | |
r-devel-linux-x86_64-fedora-clang | 0.4-3 | 209.11 | OK | |||
r-devel-linux-x86_64-fedora-gcc | 0.4-3 | 198.57 | OK | |||
r-devel-windows-x86_64 | 0.4-3 | 89.00 | 157.00 | 246.00 | OK | |
r-patched-linux-x86_64 | 0.4-3 | 31.82 | 103.54 | 135.36 | OK | |
r-release-linux-x86_64 | 0.4-3 | 37.06 | 102.68 | 139.74 | OK | |
r-release-macos-arm64 | 0.4-3 | 53.00 | NOTE | |||
r-release-macos-x86_64 | 0.4-3 | 98.00 | NOTE | |||
r-release-windows-x86_64 | 0.4-3 | 45.00 | 152.00 | 197.00 | OK | |
r-oldrel-macos-arm64 | 0.4-3 | 62.00 | NOTE | |||
r-oldrel-macos-x86_64 | 0.4-3 | 68.00 | NOTE | |||
r-oldrel-windows-ix86+x86_64 | 0.4-3 | 83.00 | 169.00 | 252.00 | OK |
Version: 0.4-3
Check: installed package size
Result: NOTE
installed size is 5.7Mb
sub-directories of 1Mb or more:
libs 5.5Mb
Flavors: r-release-macos-arm64, r-release-macos-x86_64, r-oldrel-macos-arm64, r-oldrel-macos-x86_64