Last updated on 2025-05-19 01:49:52 CEST.
Flavor | Version | Tinstall | Tcheck | Ttotal | Status | Flags |
---|---|---|---|---|---|---|
r-devel-linux-x86_64-debian-clang | 4.0 | 8.73 | 52.37 | 61.10 | NOTE | |
r-devel-linux-x86_64-debian-gcc | 4.0 | 5.08 | 34.76 | 39.84 | NOTE | |
r-devel-linux-x86_64-fedora-clang | 4.0 | 94.37 | OK | |||
r-devel-linux-x86_64-fedora-gcc | 4.0 | 93.59 | OK | |||
r-devel-windows-x86_64 | 4.0 | 9.00 | 70.00 | 79.00 | OK | |
r-patched-linux-x86_64 | 4.0 | 6.93 | 47.85 | 54.78 | OK | |
r-release-linux-x86_64 | 4.0 | 6.25 | 47.72 | 53.97 | OK | |
r-release-macos-arm64 | 4.0 | 32.00 | OK | |||
r-release-macos-x86_64 | 4.0 | 52.00 | OK | |||
r-release-windows-x86_64 | 4.0 | 9.00 | 67.00 | 76.00 | OK | |
r-oldrel-macos-arm64 | 4.0 | 27.00 | OK | |||
r-oldrel-macos-x86_64 | 4.0 | 40.00 | OK | |||
r-oldrel-windows-x86_64 | 4.0 | 13.00 | 75.00 | 88.00 | OK |
Version: 4.0
Check: CRAN incoming feasibility
Result: NOTE
Maintainer: ‘Emmanuel Arnhold <emmanuelarnhold@yahoo.com.br>’
No Authors@R field in DESCRIPTION.
Please add one, modifying
Authors@R: person(given = "Emmanuel",
family = "Arnhold",
role = c("aut", "cre"),
email = "emmanuelarnhold@yahoo.com.br")
as necessary.
Package CITATION file contains call(s) to old-style personList() or
as.personList(). Please use c() on person objects instead.
Package CITATION file contains call(s) to old-style citEntry(). Please
use bibentry() instead.
Flavors: r-devel-linux-x86_64-debian-clang, r-devel-linux-x86_64-debian-gcc