CRAN Package Check Results for Package eat

Last updated on 2022-08-16 02:51:36 CEST.

Flavor Version Tinstall Tcheck Ttotal Status Flags
r-devel-linux-x86_64-debian-clang 0.1.2 16.61 156.25 172.86 ERROR
r-devel-linux-x86_64-debian-gcc 0.1.2 12.46 114.13 126.59 ERROR
r-devel-linux-x86_64-fedora-clang 0.1.3 204.94 OK
r-devel-linux-x86_64-fedora-gcc 0.1.3 201.69 OK
r-devel-windows-x86_64 0.1.2 37.00 192.00 229.00 ERROR
r-patched-linux-x86_64 0.1.2 17.18 137.78 154.96 OK
r-release-linux-x86_64 0.1.2 15.89 137.81 153.70 OK
r-release-macos-arm64 0.1.3 49.00 OK
r-release-macos-x86_64 0.1.2 109.00 OK
r-release-windows-x86_64 0.1.2 36.00 169.00 205.00 OK
r-oldrel-macos-arm64 0.1.3 43.00 OK
r-oldrel-macos-x86_64 0.1.2 72.00 OK
r-oldrel-windows-ix86+x86_64 0.1.2 35.00 168.00 203.00 OK

Check Details

Version: 0.1.2
Check: PDF version of manual
Result: WARN
    LaTeX errors when creating PDF version.
    This typically indicates Rd problems.
    LaTeX errors found:
    ! LaTeX Error: There's no line here to end.
    
    See the LaTeX manual or LaTeX Companion for explanation.
    Type H <return> for immediate help.
     ...
Flavors: r-devel-linux-x86_64-debian-clang, r-devel-linux-x86_64-debian-gcc, r-devel-windows-x86_64

Version: 0.1.2
Check: PDF version of manual without index
Result: ERROR
Flavors: r-devel-linux-x86_64-debian-clang, r-devel-linux-x86_64-debian-gcc, r-devel-windows-x86_64

Version: 0.1.2
Check: for non-standard things in the check directory
Result: NOTE
    Found the following files/directories:
     'eat-manual.tex'
Flavors: r-devel-linux-x86_64-debian-clang, r-devel-linux-x86_64-debian-gcc