Last updated on 2022-07-06 01:50:22 CEST.
Flavor | Version | Tinstall | Tcheck | Ttotal | Status | Flags |
---|---|---|---|---|---|---|
r-devel-linux-x86_64-debian-clang | 0.1.0 | 2.22 | 46.06 | 48.28 | OK | |
r-devel-linux-x86_64-debian-gcc | 0.1.0 | 1.57 | 34.25 | 35.82 | OK | |
r-devel-linux-x86_64-fedora-clang | 0.1.0 | 68.41 | WARN | |||
r-devel-linux-x86_64-fedora-gcc | 0.1.0 | 69.10 | WARN | |||
r-devel-windows-x86_64 | 0.1.0 | 19.00 | 72.00 | 91.00 | OK | |
r-patched-linux-x86_64 | 0.1.0 | 2.51 | 43.35 | 45.86 | OK | |
r-release-linux-x86_64 | 0.1.0 | 2.22 | 45.38 | 47.60 | OK | |
r-release-macos-arm64 | 0.1.0 | 24.00 | OK | |||
r-release-macos-x86_64 | 0.1.0 | 43.00 | OK | |||
r-release-windows-x86_64 | 0.1.0 | 15.00 | 78.00 | 93.00 | OK | |
r-oldrel-macos-arm64 | 0.1.0 | 31.00 | OK | |||
r-oldrel-macos-x86_64 | 0.1.0 | 45.00 | OK | |||
r-oldrel-windows-ix86+x86_64 | 0.1.0 | 7.00 | 68.00 | 75.00 | OK |
Version: 0.1.0
Check: package dependencies
Result: WARN
Requires (indirectly) orphaned package: ‘gtools’
Flavors: r-devel-linux-x86_64-fedora-clang, r-devel-linux-x86_64-fedora-gcc