CRAN Package Check Results for Package echarty

Last updated on 2022-05-27 02:50:14 CEST.

Flavor Version Tinstall Tcheck Ttotal Status Flags
r-devel-linux-x86_64-debian-clang 1.4.5 7.31 77.76 85.07 OK
r-devel-linux-x86_64-debian-gcc 1.4.5 6.22 66.03 72.25 OK
r-devel-linux-x86_64-fedora-clang 1.4.5 100.34 NOTE
r-devel-linux-x86_64-fedora-gcc 1.4.5 98.28 OK
r-devel-windows-x86_64 1.4.5 24.00 99.00 123.00 OK
r-patched-linux-x86_64 1.4.5 8.07 73.40 81.47 OK
r-release-linux-x86_64 1.4.5 5.89 71.26 77.15 OK
r-release-macos-arm64 1.4.5 30.00 OK
r-release-macos-x86_64 1.4.5 58.00 OK
r-release-windows-x86_64 1.4.5 26.00 107.00 133.00 OK
r-oldrel-macos-arm64 1.4.5 27.00 OK
r-oldrel-macos-x86_64 1.4.5 41.00 OK
r-oldrel-windows-ix86+x86_64 1.4.5 18.00 113.00 131.00 OK

Additional issues

MKL

Check Details

Version: 1.4.5
Check: for detritus in the temp directory
Result: NOTE
    Found the following files/directories:
     ‘Temp-9d9e665c-9279-4a7f-96af-fedf6b55a0fe’
Flavor: r-devel-linux-x86_64-fedora-clang