Last updated on 2022-06-28 01:51:31 CEST.
Flavor | Version | Tinstall | Tcheck | Ttotal | Status | Flags |
---|---|---|---|---|---|---|
r-devel-linux-x86_64-debian-clang | 0.8.6 | 18.47 | 126.91 | 145.38 | NOTE | |
r-devel-linux-x86_64-debian-gcc | 0.8.6 | 14.35 | 92.56 | 106.91 | NOTE | |
r-devel-linux-x86_64-fedora-clang | 0.8.6 | 180.82 | NOTE | |||
r-devel-linux-x86_64-fedora-gcc | 0.8.6 | 176.26 | NOTE | |||
r-devel-windows-x86_64 | 0.8.6 | 79.00 | 160.00 | 239.00 | NOTE | |
r-patched-linux-x86_64 | 0.8.6 | 18.64 | 117.95 | 136.59 | NOTE | |
r-release-linux-x86_64 | 0.8.6 | 17.05 | 117.56 | 134.61 | NOTE | |
r-release-macos-arm64 | 0.8.6 | 47.00 | NOTE | |||
r-release-macos-x86_64 | 0.8.6 | 78.00 | NOTE | |||
r-release-windows-x86_64 | 0.8.6 | 86.00 | 157.00 | 243.00 | NOTE | |
r-oldrel-macos-arm64 | 0.8.6 | 68.00 | NOTE | |||
r-oldrel-macos-x86_64 | 0.8.6 | 71.00 | NOTE | |||
r-oldrel-windows-ix86+x86_64 | 0.8.6 | 36.00 | 162.00 | 198.00 | NOTE |
Version: 0.8.6
Check: LazyData
Result: NOTE
'LazyData' is specified without a 'data' directory
Flavors: r-devel-linux-x86_64-debian-clang, r-devel-linux-x86_64-debian-gcc, r-devel-linux-x86_64-fedora-clang, r-devel-linux-x86_64-fedora-gcc, r-devel-windows-x86_64, r-patched-linux-x86_64, r-release-linux-x86_64, r-release-macos-arm64, r-release-macos-x86_64, r-release-windows-x86_64, r-oldrel-macos-arm64, r-oldrel-macos-x86_64, r-oldrel-windows-ix86+x86_64
Version: 0.8.6
Check: Rd cross-references
Result: NOTE
Undeclared package ‘magrittr’ in Rd xrefs
Flavor: r-devel-linux-x86_64-fedora-clang