Last updated on 2023-05-31 01:57:12 CEST.
Flavor | Version | Tinstall | Tcheck | Ttotal | Status | Flags |
---|---|---|---|---|---|---|
r-devel-linux-x86_64-debian-clang | 1.0.2 | 4.96 | 45.88 | 50.84 | OK | |
r-devel-linux-x86_64-debian-gcc | 1.0.2 | 3.88 | 35.06 | 38.94 | OK | |
r-devel-linux-x86_64-fedora-clang | 1.0.2 | 66.09 | NOTE | |||
r-devel-linux-x86_64-fedora-gcc | 1.0.2 | 70.87 | NOTE | |||
r-devel-windows-x86_64 | 1.0.2 | 6.00 | 58.00 | 64.00 | OK | |
r-patched-linux-x86_64 | 1.0.2 | 8.52 | 43.33 | 51.85 | OK | |
r-release-linux-x86_64 | 1.0.2 | 4.64 | 43.44 | 48.08 | OK | |
r-release-macos-arm64 | 1.0.2 | 31.00 | OK | |||
r-release-macos-x86_64 | 1.0.2 | 44.00 | OK | |||
r-release-windows-x86_64 | 1.0.2 | 8.00 | 64.00 | 72.00 | OK | |
r-oldrel-macos-arm64 | 1.0.2 | 22.00 | NOTE | |||
r-oldrel-macos-x86_64 | 1.0.2 | 45.00 | NOTE | |||
r-oldrel-windows-x86_64 | 1.0.2 | 8.00 | 68.00 | 76.00 | OK |
Version: 1.0.2
Check: dependencies in R code
Result: NOTE
Namespace in Imports field not imported from: ‘rmarkdown’
All declared Imports should be used.
Flavors: r-devel-linux-x86_64-fedora-clang, r-devel-linux-x86_64-fedora-gcc, r-oldrel-macos-arm64, r-oldrel-macos-x86_64