CRAN Package Check Results for Package eia

Last updated on 2022-01-20 01:50:35 CET.

Flavor Version Tinstall Tcheck Ttotal Status Flags
r-devel-linux-x86_64-debian-clang 0.3.7 NOTE
r-devel-linux-x86_64-debian-gcc 0.3.7 3.49 41.44 44.93 NOTE
r-devel-linux-x86_64-fedora-clang 0.3.7 71.18 NOTE
r-devel-linux-x86_64-fedora-gcc 0.3.7 58.44 NOTE
r-devel-windows-x86_64-new-UL 0.3.7 42.00 95.00 137.00 NOTE
r-devel-windows-x86_64-new-TK 0.3.7 NOTE
r-patched-linux-x86_64 0.3.7 3.45 52.42 55.87 NOTE
r-release-linux-x86_64 0.3.7 NOTE
r-release-macos-arm64 0.3.7 NOTE
r-release-macos-x86_64 0.3.7 NOTE
r-release-windows-ix86+x86_64 0.3.7 11.00 64.00 75.00 NOTE
r-oldrel-macos-x86_64 0.3.7 OK
r-oldrel-windows-ix86+x86_64 0.3.7 11.00 68.00 79.00 OK

Check Details

Version: 0.3.7
Check: LazyData
Result: NOTE
     'LazyData' is specified without a 'data' directory
Flavors: r-devel-linux-x86_64-debian-clang, r-devel-linux-x86_64-debian-gcc, r-devel-linux-x86_64-fedora-clang, r-devel-linux-x86_64-fedora-gcc, r-devel-windows-x86_64-new-UL, r-devel-windows-x86_64-new-TK, r-patched-linux-x86_64, r-release-linux-x86_64, r-release-macos-arm64, r-release-macos-x86_64, r-release-windows-ix86+x86_64